{"id":2275,"date":"2025-01-26T13:26:07","date_gmt":"2025-01-26T13:26:07","guid":{"rendered":"https:\/\/harmonische-mitte.com\/?page_id=2275"},"modified":"2026-01-25T19:56:22","modified_gmt":"2026-01-25T19:56:22","slug":"berufsverband","status":"publish","type":"page","link":"https:\/\/harmonische-mitte.com\/?page_id=2275","title":{"rendered":"Berufsverband"},"content":{"rendered":"<p>[vc_row full_width=&#187;stretch_row_content_no_spaces&#187;][vc_column][vc_separator][vc_separator][vc_single_image image=&#187;2276&#8243; img_size=&#187;full&#187; alignment=&#187;center&#187;][vc_separator color=&#187;black&#187; border_width=&#187;2&#8243;][vc_column_text]<\/p>\n<div>\n<div><\/div>\n<div>\n<div>\n<p style=\"text-align: center;\"><span style=\"color: #566400;\">Der Klangtherapie KLA\u00ae Berufsverband setzt sich f\u00fcr die Verbreitung und Anerkennung der Klangtherapie KLA\u00ae als Erg\u00e4nzung oder Alternative zu schulmedizinischen Methoden ein. Zertifizierte Klangtherapeuten KLA weisen eine Berufshaftpflichtversicherung aus und erbringen den j\u00e4hrlichen Weiterbildungsnachweis, der vom Berufsverband eingefordert und \u00fcberpr\u00fcft wird.<\/span><\/p>\n<\/div>\n<div>\n<p style=\"text-align: center;\"><span style=\"color: #566400;\">Zertifizierte Klangtherapeuten KLA und weitere Informationen finden sich unter: <a style=\"color: #566400;\" href=\"https:\/\/berufsverband.klangtherapiekla.ch\/\">www.berufsverband.klangtherapiekla.ch<\/a><\/span><\/p>\n<\/div>\n<\/div>\n<\/div>\n<div>\n<hr \/>\n<p class=\"custom-cursor-on-hover\" style=\"text-align: center;\">\n<\/div>\n<p>[\/vc_column_text][\/vc_column][\/vc_row][vc_row full_width=&#187;stretch_row_content&#187; css=&#187;.vc_custom_1685267085774{background-color: #ffffff !important;}&#187;][vc_column width=&#187;1\/2&#8243; css=&#187;.vc_custom_1579439414445{background-color: #ffffff !important;}&#187;]<div class=\"heading black text-center \"><div class=\"heading-title\">Fragen oder Anregungen?<\/div><h2>Nutzen Sie gerne das Kontaktformular<\/h2><\/div>\n<div class=\"wpcf7 no-js\" id=\"wpcf7-f11-o1\" lang=\"en\" dir=\"ltr\" data-wpcf7-id=\"11\">\n<div class=\"screen-reader-response\"><p role=\"status\" aria-live=\"polite\" aria-atomic=\"true\"><\/p> <ul><\/ul><\/div>\n<form action=\"\/index.php?rest_route=%2Fwp%2Fv2%2Fpages%2F2275#wpcf7-f11-o1\" method=\"post\" class=\"wpcf7-form init\" aria-label=\"Contact form\" novalidate=\"novalidate\" data-status=\"init\">\n<fieldset class=\"hidden-fields-container\"><input type=\"hidden\" name=\"_wpcf7\" value=\"11\" \/><input type=\"hidden\" name=\"_wpcf7_version\" value=\"6.1.5\" \/><input type=\"hidden\" name=\"_wpcf7_locale\" value=\"en\" \/><input type=\"hidden\" name=\"_wpcf7_unit_tag\" value=\"wpcf7-f11-o1\" \/><input type=\"hidden\" name=\"_wpcf7_container_post\" value=\"0\" \/><input type=\"hidden\" name=\"_wpcf7_posted_data_hash\" value=\"\" \/>\n<\/fieldset>\n<p><label> Ihr Name (erforderlich)<br \/>\n<span class=\"wpcf7-form-control-wrap\" data-name=\"your-name\"><input size=\"40\" maxlength=\"400\" class=\"wpcf7-form-control wpcf7-text wpcf7-validates-as-required\" aria-required=\"true\" aria-invalid=\"false\" value=\"\" type=\"text\" name=\"your-name\" \/><\/span> <\/label>\n<\/p>\n<p><label> Ihre E-Mail (erforderlich)<br \/>\n<span class=\"wpcf7-form-control-wrap\" data-name=\"your-email\"><input size=\"40\" maxlength=\"400\" class=\"wpcf7-form-control wpcf7-email wpcf7-validates-as-required wpcf7-text wpcf7-validates-as-email\" aria-required=\"true\" aria-invalid=\"false\" value=\"\" type=\"email\" name=\"your-email\" \/><\/span> <\/label>\n<\/p>\n<p><label> Betreff (erforderlich)<br \/>\n<span class=\"wpcf7-form-control-wrap\" data-name=\"your-subject\"><input size=\"40\" maxlength=\"400\" class=\"wpcf7-form-control wpcf7-text\" aria-invalid=\"false\" value=\"\" type=\"text\" name=\"your-subject\" \/><\/span> <\/label>\n<\/p>\n<p><label> Ihre Nachricht<br \/>\n<span class=\"wpcf7-form-control-wrap\" data-name=\"your-message\"><textarea cols=\"40\" rows=\"10\" maxlength=\"2000\" class=\"wpcf7-form-control wpcf7-textarea\" aria-invalid=\"false\" name=\"your-message\"><\/textarea><\/span> <\/label>\n<\/p>\n<p><input class=\"wpcf7-form-control wpcf7-submit has-spinner\" type=\"submit\" value=\"Senden\" \/>\n<\/p><input type='hidden' class='wpcf7-pum' value='{\"closepopup\":false,\"closedelay\":0,\"openpopup\":false,\"openpopup_id\":0}' \/><div class=\"wpcf7-response-output\" aria-hidden=\"true\"><\/div>\n<\/form>\n<\/div>\n[\/vc_column][vc_column width=&#187;1\/2&#8243; css=&#187;.vc_custom_1579439402433{background-color: #ffffff !important;}&#187;]<div class=\"heading black text-center \"><div class=\"heading-title\">zwischen Z\u00fcrich und Zug<\/div><h2>Hier finden Sie zur harmonischen Mitte<\/h2><\/div>[vc_gmaps link=&#187;#E-8_JTNDaWZyYW1lJTIwc3JjJTNEJTIyaHR0cHMlM0ElMkYlMkZ3d3cuZ29vZ2xlLmNvbSUyRm1hcHMlMkZlbWJlZCUzRnBiJTNEJTIxMW0xOCUyMTFtMTIlMjExbTMlMjExZDI3MDguNTU4NjUxMjY0NTg1JTIxMmQ4LjUyOTAwMjYxNTMyNzE4NyUyMTNkNDcuMjQ0Nzc4Mjc5MTYyMzI1JTIxMm0zJTIxMWYwJTIxMmYwJTIxM2YwJTIxM20yJTIxMWkxMDI0JTIxMmk3NjglMjE0ZjEzLjElMjEzbTMlMjExbTIlMjExczB4NDc5YWE5YjQyY2ZmZmNhZiUyNTNBMHg4YjYwM2Y5ODY3YjUxODE3JTIxMnNSaWZmZXJzd2lsZXJzdHJhc3NlJTI1MjAxMCUyNTJDJTI1MjA4OTE1JTI1MjBIYXVzZW4lMjUyMGFtJTI1MjBBbGJpcyUyMTVlMCUyMTNtMiUyMTFzZGUlMjEyc2NoJTIxNHYxNTc5NDM5MDg4ODQ1JTIxNW0yJTIxMXNkZSUyMTJzY2glMjIlMjB3aWR0aCUzRCUyMjYwMCUyMiUyMGhlaWdodCUzRCUyMjQ1MCUyMiUyMGZyYW1lYm9yZGVyJTNEJTIyMCUyMiUyMHN0eWxlJTNEJTIyYm9yZGVyJTNBMCUzQiUyMiUyMGFsbG93ZnVsbHNjcmVlbiUzRCUyMiUyMiUzRSUzQyUyRmlmcmFtZSUzRQ==&#187;][\/vc_column][\/vc_row][vc_row][vc_column][\/vc_column][\/vc_row][vc_row][vc_column][\/vc_column][\/vc_row]<\/p>\n","protected":false},"excerpt":{"rendered":"<p>[vc_row full_width=&#187;stretch_row_content_no_spaces&#187;][vc_column][vc_separator][vc_separator][vc_single_image image=&#187;2276&#8243; img_size=&#187;full&#187; alignment=&#187;center&#187;][vc_separator color=&#187;black&#187; border_width=&#187;2&#8243;][vc_column_text] Der Klangtherapie KLA\u00ae Berufsverband setzt sich f\u00fcr die Verbreitung und Anerkennung der Klangtherapie KLA\u00ae als Erg\u00e4nzung oder Alternative zu schulmedizinischen Methoden ein. Zertifizierte Klangtherapeuten KLA weisen eine Berufshaftpflichtversicherung aus und erbringen den j\u00e4hrlichen Weiterbildungsnachweis, der vom Berufsverband eingefordert und \u00fcberpr\u00fcft wird. Zertifizierte Klangtherapeuten KLA und weitere Informationen finden [&hellip;]<\/p>\n","protected":false},"author":1,"featured_media":0,"parent":0,"menu_order":0,"comment_status":"closed","ping_status":"closed","template":"custom-page.php","meta":{"footnotes":""},"class_list":["post-2275","page","type-page","status-publish","hentry"],"_links":{"self":[{"href":"https:\/\/harmonische-mitte.com\/index.php?rest_route=\/wp\/v2\/pages\/2275","targetHints":{"allow":["GET"]}}],"collection":[{"href":"https:\/\/harmonische-mitte.com\/index.php?rest_route=\/wp\/v2\/pages"}],"about":[{"href":"https:\/\/harmonische-mitte.com\/index.php?rest_route=\/wp\/v2\/types\/page"}],"author":[{"embeddable":true,"href":"https:\/\/harmonische-mitte.com\/index.php?rest_route=\/wp\/v2\/users\/1"}],"replies":[{"embeddable":true,"href":"https:\/\/harmonische-mitte.com\/index.php?rest_route=%2Fwp%2Fv2%2Fcomments&post=2275"}],"version-history":[{"count":5,"href":"https:\/\/harmonische-mitte.com\/index.php?rest_route=\/wp\/v2\/pages\/2275\/revisions"}],"predecessor-version":[{"id":2423,"href":"https:\/\/harmonische-mitte.com\/index.php?rest_route=\/wp\/v2\/pages\/2275\/revisions\/2423"}],"wp:attachment":[{"href":"https:\/\/harmonische-mitte.com\/index.php?rest_route=%2Fwp%2Fv2%2Fmedia&parent=2275"}],"curies":[{"name":"wp","href":"https:\/\/api.w.org\/{rel}","templated":true}]}}

<p>[vc_row full_width=&#187;stretch_row_content_no_spaces&#187;][vc_column][vc_separator][vc_separator][vc_single_image image=&#187;2276&#8243; img_size=&#187;full&#187; alignment=&#187;center&#187;][vc_separator color=&#187;black&#187; border_width=&#187;2&#8243;][vc_column_text]</p>
<div>
<div></div>
<div>
<div>
<p style="text-align: center;"><span style="color: #566400;">Der Klangtherapie KLA® Berufsverband setzt sich für die Verbreitung und Anerkennung der Klangtherapie KLA® als Ergänzung oder Alternative zu schulmedizinischen Methoden ein. Zertifizierte Klangtherapeuten KLA weisen eine Berufshaftpflichtversicherung aus und erbringen den jährlichen Weiterbildungsnachweis, der vom Berufsverband eingefordert und überprüft wird.</span></p>
</div>
<div>
<p style="text-align: center;"><span style="color: #566400;">Zertifizierte Klangtherapeuten KLA und weitere Informationen finden sich unter: <a style="color: #566400;" href="https://berufsverband.klangtherapiekla.ch/">www.berufsverband.klangtherapiekla.ch</a></span></p>
</div>
</div>
</div>
<div>
<hr />
<p class="custom-cursor-on-hover" style="text-align: center;">
</div>
<p>[/vc_column_text][/vc_column][/vc_row][vc_row full_width=&#187;stretch_row_content&#187; css=&#187;.vc_custom_1685267085774{background-color: #ffffff !important;}&#187;][vc_column width=&#187;1/2&#8243; css=&#187;.vc_custom_1579439414445{background-color: #ffffff !important;}&#187;]<div class="heading black text-center "><div class="heading-title">Fragen oder Anregungen?</div><h2>Nutzen Sie gerne das Kontaktformular</h2></div>
<div class="wpcf7 no-js" id="wpcf7-f11-o1" lang="en" dir="ltr" data-wpcf7-id="11">
<div class="screen-reader-response"><p role="status" aria-live="polite" aria-atomic="true"></p> <ul></ul></div>
<form action="/index.php?rest_route=%2Fwp%2Fv2%2Fpages%2F2275#wpcf7-f11-o1" method="post" class="wpcf7-form init" aria-label="Contact form" novalidate="novalidate" data-status="init">
<fieldset class="hidden-fields-container"><input type="hidden" name="_wpcf7" value="11" /><input type="hidden" name="_wpcf7_version" value="6.1.5" /><input type="hidden" name="_wpcf7_locale" value="en" /><input type="hidden" name="_wpcf7_unit_tag" value="wpcf7-f11-o1" /><input type="hidden" name="_wpcf7_container_post" value="0" /><input type="hidden" name="_wpcf7_posted_data_hash" value="" />
</fieldset>
<p><label> Ihr Name (erforderlich)<br />
<span class="wpcf7-form-control-wrap" data-name="your-name"><input size="40" maxlength="400" class="wpcf7-form-control wpcf7-text wpcf7-validates-as-required" aria-required="true" aria-invalid="false" value="" type="text" name="your-name" /></span> </label>
</p>
<p><label> Ihre E-Mail (erforderlich)<br />
<span class="wpcf7-form-control-wrap" data-name="your-email"><input size="40" maxlength="400" class="wpcf7-form-control wpcf7-email wpcf7-validates-as-required wpcf7-text wpcf7-validates-as-email" aria-required="true" aria-invalid="false" value="" type="email" name="your-email" /></span> </label>
</p>
<p><label> Betreff (erforderlich)<br />
<span class="wpcf7-form-control-wrap" data-name="your-subject"><input size="40" maxlength="400" class="wpcf7-form-control wpcf7-text" aria-invalid="false" value="" type="text" name="your-subject" /></span> </label>
</p>
<p><label> Ihre Nachricht<br />
<span class="wpcf7-form-control-wrap" data-name="your-message"><textarea cols="40" rows="10" maxlength="2000" class="wpcf7-form-control wpcf7-textarea" aria-invalid="false" name="your-message"></textarea></span> </label>
</p>
<p><input class="wpcf7-form-control wpcf7-submit has-spinner" type="submit" value="Senden" />
</p><input type='hidden' class='wpcf7-pum' value='{"closepopup":false,"closedelay":0,"openpopup":false,"openpopup_id":0}' /><div class="wpcf7-response-output" aria-hidden="true"></div>
</form>
</div>
[/vc_column][vc_column width=&#187;1/2&#8243; css=&#187;.vc_custom_1579439402433{background-color: #ffffff !important;}&#187;]<div class="heading black text-center "><div class="heading-title">zwischen Zürich und Zug</div><h2>Hier finden Sie zur harmonischen Mitte</h2></div>[vc_gmaps link=&#187;#E-8_JTNDaWZyYW1lJTIwc3JjJTNEJTIyaHR0cHMlM0ElMkYlMkZ3d3cuZ29vZ2xlLmNvbSUyRm1hcHMlMkZlbWJlZCUzRnBiJTNEJTIxMW0xOCUyMTFtMTIlMjExbTMlMjExZDI3MDguNTU4NjUxMjY0NTg1JTIxMmQ4LjUyOTAwMjYxNTMyNzE4NyUyMTNkNDcuMjQ0Nzc4Mjc5MTYyMzI1JTIxMm0zJTIxMWYwJTIxMmYwJTIxM2YwJTIxM20yJTIxMWkxMDI0JTIxMmk3NjglMjE0ZjEzLjElMjEzbTMlMjExbTIlMjExczB4NDc5YWE5YjQyY2ZmZmNhZiUyNTNBMHg4YjYwM2Y5ODY3YjUxODE3JTIxMnNSaWZmZXJzd2lsZXJzdHJhc3NlJTI1MjAxMCUyNTJDJTI1MjA4OTE1JTI1MjBIYXVzZW4lMjUyMGFtJTI1MjBBbGJpcyUyMTVlMCUyMTNtMiUyMTFzZGUlMjEyc2NoJTIxNHYxNTc5NDM5MDg4ODQ1JTIxNW0yJTIxMXNkZSUyMTJzY2glMjIlMjB3aWR0aCUzRCUyMjYwMCUyMiUyMGhlaWdodCUzRCUyMjQ1MCUyMiUyMGZyYW1lYm9yZGVyJTNEJTIyMCUyMiUyMHN0eWxlJTNEJTIyYm9yZGVyJTNBMCUzQiUyMiUyMGFsbG93ZnVsbHNjcmVlbiUzRCUyMiUyMiUzRSUzQyUyRmlmcmFtZSUzRQ==&#187;][/vc_column][/vc_row][vc_row][vc_column][/vc_column][/vc_row][vc_row][vc_column][/vc_column][/vc_row]</p>

<p>[vc_row full_width=&#187;stretch_row_content_no_spaces&#187;][vc_column][vc_separator][vc_separator][vc_single_image image=&#187;2276&#8243; img_size=&#187;full&#187; alignment=&#187;center&#187;][vc_separator color=&#187;black&#187; border_width=&#187;2&#8243;][vc_column_text] Der Klangtherapie KLA® Berufsverband setzt sich für die Verbreitung und Anerkennung der Klangtherapie KLA® als Ergänzung oder Alternative zu schulmedizinischen Methoden ein. Zertifizierte Klangtherapeuten KLA weisen eine Berufshaftpflichtversicherung aus und erbringen den jährlichen Weiterbildungsnachweis, der vom Berufsverband eingefordert und überprüft wird. Zertifizierte Klangtherapeuten KLA und weitere Informationen finden [&hellip;]</p>
