{"id":1977,"date":"2023-04-23T09:43:44","date_gmt":"2023-04-23T09:43:44","guid":{"rendered":"https:\/\/harmonische-mitte.com\/?page_id=1977"},"modified":"2026-04-01T06:06:15","modified_gmt":"2026-04-01T06:06:15","slug":"family-space","status":"publish","type":"page","link":"https:\/\/harmonische-mitte.com\/?page_id=1977","title":{"rendered":"Klangbegleitung f\u00fcr Familien"},"content":{"rendered":"<p>[vc_row full_width=&#187;stretch_row_content_no_spaces&#187; css=&#187;.vc_custom_1685267513670{background-color: #ffffff !important;}&#187;][vc_column][vc_separator][vc_single_image image=&#187;1979&#8243; img_size=&#187;full&#187; alignment=&#187;center&#187;][vc_column_text]<\/p>\n<h2 style=\"text-align: center;\"><span style=\"color: #566400;\"><strong>Klangbegleitung f\u00fcr Familien<br \/>\n<\/strong><\/span><\/h2>\n<p>&nbsp;<\/p>\n<hr \/>\n<p style=\"text-align: center;\"><span style=\"color: #566400;\">Als Familienfrau und Mutter, dreier inzwischen erwachsener Kinder, habe ich mein ganz pers\u00f6nliches Erfahrungsfeld von unserem Familienraum.<\/span><\/p>\n<p style=\"text-align: center;\"><span style=\"color: #566400;\">Dank meiner Erfahrung als ehemalige Tagesmutter, Spielgruppenleiterin, Katechetin und Hortassistentin, habe ich auch meinen Erfahrungsschatz im Umgang mit anderen Familiensystemen. Dass ein Familiensystem mal in Harmonie und mal in Disharmonie schwingt, ist normal. Meist sind Disharmonien vor\u00fcbergehende Phasen und schwingen ganz nat\u00fcrlich wieder in eine geordnete Struktur ein, in der sich jedes Familienmitglied wohlf\u00fchlt.<\/span><\/p>\n<p style=\"text-align: center;\"><span style=\"color: #566400;\">L\u00e4nger andauernde Stressfaktoren k\u00f6nnen ein krankmachendes Milieu erzeugen. Das kann sich negativ auf Einzelpersonen auswirken und\/oder auf das ganze Familiensystem. Es k\u00f6nnen sich Verhaltensmuster einschleichen, die im Familiensystem als St\u00f6rung empfunden werden. Wenn spezielle Verhaltensweisen das ganze Familiensystem in eine \u00dcberforderung bringen, dann kann es sinnvoll sein, Hilfe anzunehmen.<\/span><\/p>\n<p style=\"text-align: center;\"><span style=\"color: #566400;\">Als Klangtherapeutin KLA bin ich gern f\u00fcr Hilfesuchende da. In einem Erstgespr\u00e4ch (meistens via Telefon) h\u00f6re ich empathisch zu. Gemeinsam ersp\u00fcren wir, welche Klangbegleitung sinnvoll und m\u00f6glich ist. H\u00e4ufig l\u00f6sen sich Spannungsfelder im Familiensystem, wenn diejenige Person, die unter Druck steht, f\u00fcr sich 2 -3 Klangbehandlungen empfangen darf. Bildlich gesprochen: <em>\u00abWenn sich von einem Mobile-Spiel ein Teil bewegt, kommt das ganze Mobile in Bewegung.\u00bb <\/em><\/span><\/p>\n<p style=\"text-align: center;\"><span style=\"color: #566400;\">Wenn St\u00f6rfaktoren zu starken Reibungen f\u00fchren, kann Distanz heilsam sein. Bei mir kann man ein Time-out buchen.\u00a0<\/span><\/p>\n<p style=\"text-align: center;\"><span style=\"color: #566400;\">F\u00fcr Kinder von ca. 7\u201312 Jahren von Montag 10.00 Uhr bis Freitag 17.00 Uhr. T\u00e4glich eine Klangbehandlung, keinen Medienkonsum, daf\u00fcr Mithilfe beim Kochen und Backen, Geschichten, Basteln und viel Naturerfahrungen. Kosten: 120.- pro Tag, inkl. Spesen und 50.- pro Klangbehandlung. Details werden in einem Vorgespr\u00e4ch besprochen. F\u00fcr einen Erstkontakt bitte das Kontaktformular verwenden.<\/span><\/p>\n<p style=\"text-align: center;\"><span style=\"color: #566400;\">F\u00fcr Erwachsene siehe Angebot Klang-Intensiv-Mitwohn-Woche.<\/span><\/p>\n<p style=\"text-align: center;\"><span style=\"color: #566400;\">Ich habe auch einen grossen Erfahrungsschatz im Klangbehandeln von Jugendlichen. Klang wirkt unabh\u00e4ngig von Worten. Wenn die Beweggr\u00fcnde zu intim sind, dann findet eine Klangbehandlung ohne Gespr\u00e4ch statt. Die Privatsph\u00e4re der Jugendlichen wird von mir respektiert und von vielen Teenies gesch\u00e4tzt.<\/span><\/p>\n<p style=\"text-align: center;\"><span style=\"color: #566400;\">Meine Unterst\u00fctzung als Klangtherapeutin KLA f\u00fcr Familien verstehe ich als pr\u00e4ventive Unterst\u00fctzung.<\/span><br \/>\n<span style=\"color: #566400;\">Bildlich gesprochen: <em>\u00abDas Feuer l\u00f6schen, bevor es die Feuerwehr braucht.\u00bb<\/em><em>\u00a0<\/em><\/span><\/p>\n<p style=\"text-align: center;\"><span style=\"color: #566400;\">Ich freue mich, wenn ich auf unkomplizierte Art helfen kann, Familien zu st\u00e4rken. Kinder sind unsere Zukunft. Sorgen wir daf\u00fcr, dass sie in starke Familien eingebettet sind.<\/span><\/p>\n<p style=\"text-align: center;\"><span style=\"color: #566400;\"><em>Herzlichst Heidi Bernet<\/em><\/span><\/p>\n<p><img loading=\"lazy\" decoding=\"async\" class=\"size-medium wp-image-2378 aligncenter\" src=\"https:\/\/harmonische-mitte.com\/wordpress_9\/wp-content\/uploads\/2025\/09\/Heidi_Bernet-web-248x300.jpg\" alt=\"\" width=\"248\" height=\"300\" srcset=\"https:\/\/harmonische-mitte.com\/wordpress_9\/wp-content\/uploads\/2025\/09\/Heidi_Bernet-web-248x300.jpg 248w, https:\/\/harmonische-mitte.com\/wordpress_9\/wp-content\/uploads\/2025\/09\/Heidi_Bernet-web-768x931.jpg 768w, https:\/\/harmonische-mitte.com\/wordpress_9\/wp-content\/uploads\/2025\/09\/Heidi_Bernet-web-600x727.jpg 600w, https:\/\/harmonische-mitte.com\/wordpress_9\/wp-content\/uploads\/2025\/09\/Heidi_Bernet-web.jpg 845w\" sizes=\"auto, (max-width: 248px) 100vw, 248px\" \/><\/p>\n<hr \/>\n<hr \/>\n<p>[\/vc_column_text][\/vc_column][\/vc_row][vc_row full_width=&#187;stretch_row_content&#187; css=&#187;.vc_custom_1685267531035{background-color: #ffffff !important;}&#187;][vc_column width=&#187;1\/2&#8243; css=&#187;.vc_custom_1579439414445{background-color: #ffffff !important;}&#187;]<div class=\"heading black text-center \"><div class=\"heading-title\">Fragen oder Anregungen?<\/div><h2>Nutzen Sie gerne das Kontaktformular<\/h2><\/div>\n<div class=\"wpcf7 no-js\" id=\"wpcf7-f11-o1\" lang=\"en\" dir=\"ltr\" data-wpcf7-id=\"11\">\n<div class=\"screen-reader-response\"><p role=\"status\" aria-live=\"polite\" aria-atomic=\"true\"><\/p> <ul><\/ul><\/div>\n<form action=\"\/index.php?rest_route=%2Fwp%2Fv2%2Fpages%2F1977#wpcf7-f11-o1\" method=\"post\" class=\"wpcf7-form init\" aria-label=\"Contact form\" novalidate=\"novalidate\" data-status=\"init\">\n<fieldset class=\"hidden-fields-container\"><input type=\"hidden\" name=\"_wpcf7\" value=\"11\" \/><input type=\"hidden\" name=\"_wpcf7_version\" value=\"6.1.5\" \/><input type=\"hidden\" name=\"_wpcf7_locale\" value=\"en\" \/><input type=\"hidden\" name=\"_wpcf7_unit_tag\" value=\"wpcf7-f11-o1\" \/><input type=\"hidden\" name=\"_wpcf7_container_post\" value=\"0\" \/><input type=\"hidden\" name=\"_wpcf7_posted_data_hash\" value=\"\" \/>\n<\/fieldset>\n<p><label> Ihr Name (erforderlich)<br \/>\n<span class=\"wpcf7-form-control-wrap\" data-name=\"your-name\"><input size=\"40\" maxlength=\"400\" class=\"wpcf7-form-control wpcf7-text wpcf7-validates-as-required\" aria-required=\"true\" aria-invalid=\"false\" value=\"\" type=\"text\" name=\"your-name\" \/><\/span> <\/label>\n<\/p>\n<p><label> Ihre E-Mail (erforderlich)<br \/>\n<span class=\"wpcf7-form-control-wrap\" data-name=\"your-email\"><input size=\"40\" maxlength=\"400\" class=\"wpcf7-form-control wpcf7-email wpcf7-validates-as-required wpcf7-text wpcf7-validates-as-email\" aria-required=\"true\" aria-invalid=\"false\" value=\"\" type=\"email\" name=\"your-email\" \/><\/span> <\/label>\n<\/p>\n<p><label> Betreff (erforderlich)<br \/>\n<span class=\"wpcf7-form-control-wrap\" data-name=\"your-subject\"><input size=\"40\" maxlength=\"400\" class=\"wpcf7-form-control wpcf7-text\" aria-invalid=\"false\" value=\"\" type=\"text\" name=\"your-subject\" \/><\/span> <\/label>\n<\/p>\n<p><label> Ihre Nachricht<br \/>\n<span class=\"wpcf7-form-control-wrap\" data-name=\"your-message\"><textarea cols=\"40\" rows=\"10\" maxlength=\"2000\" class=\"wpcf7-form-control wpcf7-textarea\" aria-invalid=\"false\" name=\"your-message\"><\/textarea><\/span> <\/label>\n<\/p>\n<p><input class=\"wpcf7-form-control wpcf7-submit has-spinner\" type=\"submit\" value=\"Senden\" \/>\n<\/p><input type='hidden' class='wpcf7-pum' value='{\"closepopup\":false,\"closedelay\":0,\"openpopup\":false,\"openpopup_id\":0}' \/><div class=\"wpcf7-response-output\" aria-hidden=\"true\"><\/div>\n<\/form>\n<\/div>\n[\/vc_column][vc_column width=&#187;1\/2&#8243; css=&#187;.vc_custom_1579439402433{background-color: #ffffff !important;}&#187;]<div class=\"heading black text-center \"><div class=\"heading-title\">zwischen Z\u00fcrich und Zug<\/div><h2>Hier finden Sie zur harmonischen Mitte<\/h2><\/div>[vc_gmaps link=&#187;#E-8_JTNDaWZyYW1lJTIwc3JjJTNEJTIyaHR0cHMlM0ElMkYlMkZ3d3cuZ29vZ2xlLmNvbSUyRm1hcHMlMkZlbWJlZCUzRnBiJTNEJTIxMW0xOCUyMTFtMTIlMjExbTMlMjExZDI3MDguNTU4NjUxMjY0NTg1JTIxMmQ4LjUyOTAwMjYxNTMyNzE4NyUyMTNkNDcuMjQ0Nzc4Mjc5MTYyMzI1JTIxMm0zJTIxMWYwJTIxMmYwJTIxM2YwJTIxM20yJTIxMWkxMDI0JTIxMmk3NjglMjE0ZjEzLjElMjEzbTMlMjExbTIlMjExczB4NDc5YWE5YjQyY2ZmZmNhZiUyNTNBMHg4YjYwM2Y5ODY3YjUxODE3JTIxMnNSaWZmZXJzd2lsZXJzdHJhc3NlJTI1MjAxMCUyNTJDJTI1MjA4OTE1JTI1MjBIYXVzZW4lMjUyMGFtJTI1MjBBbGJpcyUyMTVlMCUyMTNtMiUyMTFzZGUlMjEyc2NoJTIxNHYxNTc5NDM5MDg4ODQ1JTIxNW0yJTIxMXNkZSUyMTJzY2glMjIlMjB3aWR0aCUzRCUyMjYwMCUyMiUyMGhlaWdodCUzRCUyMjQ1MCUyMiUyMGZyYW1lYm9yZGVyJTNEJTIyMCUyMiUyMHN0eWxlJTNEJTIyYm9yZGVyJTNBMCUzQiUyMiUyMGFsbG93ZnVsbHNjcmVlbiUzRCUyMiUyMiUzRSUzQyUyRmlmcmFtZSUzRQ==&#187;][\/vc_column][\/vc_row]<\/p>\n","protected":false},"excerpt":{"rendered":"<p>[vc_row full_width=&#187;stretch_row_content_no_spaces&#187; css=&#187;.vc_custom_1685267513670{background-color: #ffffff !important;}&#187;][vc_column][vc_separator][vc_single_image image=&#187;1979&#8243; img_size=&#187;full&#187; alignment=&#187;center&#187;][vc_column_text] Klangbegleitung f\u00fcr Familien &nbsp; Als Familienfrau und Mutter, dreier inzwischen erwachsener Kinder, habe ich mein ganz pers\u00f6nliches Erfahrungsfeld von unserem Familienraum. Dank meiner Erfahrung als ehemalige Tagesmutter, Spielgruppenleiterin, Katechetin und Hortassistentin, habe ich auch meinen Erfahrungsschatz im Umgang mit anderen Familiensystemen. Dass ein Familiensystem mal in Harmonie [&hellip;]<\/p>\n","protected":false},"author":1,"featured_media":0,"parent":0,"menu_order":0,"comment_status":"closed","ping_status":"closed","template":"custom-page.php","meta":{"footnotes":""},"class_list":["post-1977","page","type-page","status-publish","hentry"],"_links":{"self":[{"href":"https:\/\/harmonische-mitte.com\/index.php?rest_route=\/wp\/v2\/pages\/1977","targetHints":{"allow":["GET"]}}],"collection":[{"href":"https:\/\/harmonische-mitte.com\/index.php?rest_route=\/wp\/v2\/pages"}],"about":[{"href":"https:\/\/harmonische-mitte.com\/index.php?rest_route=\/wp\/v2\/types\/page"}],"author":[{"embeddable":true,"href":"https:\/\/harmonische-mitte.com\/index.php?rest_route=\/wp\/v2\/users\/1"}],"replies":[{"embeddable":true,"href":"https:\/\/harmonische-mitte.com\/index.php?rest_route=%2Fwp%2Fv2%2Fcomments&post=1977"}],"version-history":[{"count":24,"href":"https:\/\/harmonische-mitte.com\/index.php?rest_route=\/wp\/v2\/pages\/1977\/revisions"}],"predecessor-version":[{"id":2459,"href":"https:\/\/harmonische-mitte.com\/index.php?rest_route=\/wp\/v2\/pages\/1977\/revisions\/2459"}],"wp:attachment":[{"href":"https:\/\/harmonische-mitte.com\/index.php?rest_route=%2Fwp%2Fv2%2Fmedia&parent=1977"}],"curies":[{"name":"wp","href":"https:\/\/api.w.org\/{rel}","templated":true}]}}

Klangbegleitung für Familien

<p>[vc_row full_width=&#187;stretch_row_content_no_spaces&#187; css=&#187;.vc_custom_1685267513670{background-color: #ffffff !important;}&#187;][vc_column][vc_separator][vc_single_image image=&#187;1979&#8243; img_size=&#187;full&#187; alignment=&#187;center&#187;][vc_column_text]</p>
<h2 style="text-align: center;"><span style="color: #566400;"><strong>Klangbegleitung für Familien<br />
</strong></span></h2>
<p>&nbsp;</p>
<hr />
<p style="text-align: center;"><span style="color: #566400;">Als Familienfrau und Mutter, dreier inzwischen erwachsener Kinder, habe ich mein ganz persönliches Erfahrungsfeld von unserem Familienraum.</span></p>
<p style="text-align: center;"><span style="color: #566400;">Dank meiner Erfahrung als ehemalige Tagesmutter, Spielgruppenleiterin, Katechetin und Hortassistentin, habe ich auch meinen Erfahrungsschatz im Umgang mit anderen Familiensystemen. Dass ein Familiensystem mal in Harmonie und mal in Disharmonie schwingt, ist normal. Meist sind Disharmonien vorübergehende Phasen und schwingen ganz natürlich wieder in eine geordnete Struktur ein, in der sich jedes Familienmitglied wohlfühlt.</span></p>
<p style="text-align: center;"><span style="color: #566400;">Länger andauernde Stressfaktoren können ein krankmachendes Milieu erzeugen. Das kann sich negativ auf Einzelpersonen auswirken und/oder auf das ganze Familiensystem. Es können sich Verhaltensmuster einschleichen, die im Familiensystem als Störung empfunden werden. Wenn spezielle Verhaltensweisen das ganze Familiensystem in eine Überforderung bringen, dann kann es sinnvoll sein, Hilfe anzunehmen.</span></p>
<p style="text-align: center;"><span style="color: #566400;">Als Klangtherapeutin KLA bin ich gern für Hilfesuchende da. In einem Erstgespräch (meistens via Telefon) höre ich empathisch zu. Gemeinsam erspüren wir, welche Klangbegleitung sinnvoll und möglich ist. Häufig lösen sich Spannungsfelder im Familiensystem, wenn diejenige Person, die unter Druck steht, für sich 2 -3 Klangbehandlungen empfangen darf. Bildlich gesprochen: <em>«Wenn sich von einem Mobile-Spiel ein Teil bewegt, kommt das ganze Mobile in Bewegung.» </em></span></p>
<p style="text-align: center;"><span style="color: #566400;">Wenn Störfaktoren zu starken Reibungen führen, kann Distanz heilsam sein. Bei mir kann man ein Time-out buchen. </span></p>
<p style="text-align: center;"><span style="color: #566400;">Für Kinder von ca. 7–12 Jahren von Montag 10.00 Uhr bis Freitag 17.00 Uhr. Täglich eine Klangbehandlung, keinen Medienkonsum, dafür Mithilfe beim Kochen und Backen, Geschichten, Basteln und viel Naturerfahrungen. Kosten: 120.- pro Tag, inkl. Spesen und 50.- pro Klangbehandlung. Details werden in einem Vorgespräch besprochen. Für einen Erstkontakt bitte das Kontaktformular verwenden.</span></p>
<p style="text-align: center;"><span style="color: #566400;">Für Erwachsene siehe Angebot Klang-Intensiv-Mitwohn-Woche.</span></p>
<p style="text-align: center;"><span style="color: #566400;">Ich habe auch einen grossen Erfahrungsschatz im Klangbehandeln von Jugendlichen. Klang wirkt unabhängig von Worten. Wenn die Beweggründe zu intim sind, dann findet eine Klangbehandlung ohne Gespräch statt. Die Privatsphäre der Jugendlichen wird von mir respektiert und von vielen Teenies geschätzt.</span></p>
<p style="text-align: center;"><span style="color: #566400;">Meine Unterstützung als Klangtherapeutin KLA für Familien verstehe ich als präventive Unterstützung.</span><br />
<span style="color: #566400;">Bildlich gesprochen: <em>«Das Feuer löschen, bevor es die Feuerwehr braucht.»</em><em> </em></span></p>
<p style="text-align: center;"><span style="color: #566400;">Ich freue mich, wenn ich auf unkomplizierte Art helfen kann, Familien zu stärken. Kinder sind unsere Zukunft. Sorgen wir dafür, dass sie in starke Familien eingebettet sind.</span></p>
<p style="text-align: center;"><span style="color: #566400;"><em>Herzlichst Heidi Bernet</em></span></p>
<p><img loading="lazy" decoding="async" class="size-medium wp-image-2378 aligncenter" src="https://harmonische-mitte.com/wordpress_9/wp-content/uploads/2025/09/Heidi_Bernet-web-248x300.jpg" alt="" width="248" height="300" srcset="https://harmonische-mitte.com/wordpress_9/wp-content/uploads/2025/09/Heidi_Bernet-web-248x300.jpg 248w, https://harmonische-mitte.com/wordpress_9/wp-content/uploads/2025/09/Heidi_Bernet-web-768x931.jpg 768w, https://harmonische-mitte.com/wordpress_9/wp-content/uploads/2025/09/Heidi_Bernet-web-600x727.jpg 600w, https://harmonische-mitte.com/wordpress_9/wp-content/uploads/2025/09/Heidi_Bernet-web.jpg 845w" sizes="auto, (max-width: 248px) 100vw, 248px" /></p>
<hr />
<hr />
<p>[/vc_column_text][/vc_column][/vc_row][vc_row full_width=&#187;stretch_row_content&#187; css=&#187;.vc_custom_1685267531035{background-color: #ffffff !important;}&#187;][vc_column width=&#187;1/2&#8243; css=&#187;.vc_custom_1579439414445{background-color: #ffffff !important;}&#187;]<div class="heading black text-center "><div class="heading-title">Fragen oder Anregungen?</div><h2>Nutzen Sie gerne das Kontaktformular</h2></div>
<div class="wpcf7 no-js" id="wpcf7-f11-o1" lang="en" dir="ltr" data-wpcf7-id="11">
<div class="screen-reader-response"><p role="status" aria-live="polite" aria-atomic="true"></p> <ul></ul></div>
<form action="/index.php?rest_route=%2Fwp%2Fv2%2Fpages%2F1977#wpcf7-f11-o1" method="post" class="wpcf7-form init" aria-label="Contact form" novalidate="novalidate" data-status="init">
<fieldset class="hidden-fields-container"><input type="hidden" name="_wpcf7" value="11" /><input type="hidden" name="_wpcf7_version" value="6.1.5" /><input type="hidden" name="_wpcf7_locale" value="en" /><input type="hidden" name="_wpcf7_unit_tag" value="wpcf7-f11-o1" /><input type="hidden" name="_wpcf7_container_post" value="0" /><input type="hidden" name="_wpcf7_posted_data_hash" value="" />
</fieldset>
<p><label> Ihr Name (erforderlich)<br />
<span class="wpcf7-form-control-wrap" data-name="your-name"><input size="40" maxlength="400" class="wpcf7-form-control wpcf7-text wpcf7-validates-as-required" aria-required="true" aria-invalid="false" value="" type="text" name="your-name" /></span> </label>
</p>
<p><label> Ihre E-Mail (erforderlich)<br />
<span class="wpcf7-form-control-wrap" data-name="your-email"><input size="40" maxlength="400" class="wpcf7-form-control wpcf7-email wpcf7-validates-as-required wpcf7-text wpcf7-validates-as-email" aria-required="true" aria-invalid="false" value="" type="email" name="your-email" /></span> </label>
</p>
<p><label> Betreff (erforderlich)<br />
<span class="wpcf7-form-control-wrap" data-name="your-subject"><input size="40" maxlength="400" class="wpcf7-form-control wpcf7-text" aria-invalid="false" value="" type="text" name="your-subject" /></span> </label>
</p>
<p><label> Ihre Nachricht<br />
<span class="wpcf7-form-control-wrap" data-name="your-message"><textarea cols="40" rows="10" maxlength="2000" class="wpcf7-form-control wpcf7-textarea" aria-invalid="false" name="your-message"></textarea></span> </label>
</p>
<p><input class="wpcf7-form-control wpcf7-submit has-spinner" type="submit" value="Senden" />
</p><input type='hidden' class='wpcf7-pum' value='{"closepopup":false,"closedelay":0,"openpopup":false,"openpopup_id":0}' /><div class="wpcf7-response-output" aria-hidden="true"></div>
</form>
</div>
[/vc_column][vc_column width=&#187;1/2&#8243; css=&#187;.vc_custom_1579439402433{background-color: #ffffff !important;}&#187;]<div class="heading black text-center "><div class="heading-title">zwischen Zürich und Zug</div><h2>Hier finden Sie zur harmonischen Mitte</h2></div>[vc_gmaps link=&#187;#E-8_JTNDaWZyYW1lJTIwc3JjJTNEJTIyaHR0cHMlM0ElMkYlMkZ3d3cuZ29vZ2xlLmNvbSUyRm1hcHMlMkZlbWJlZCUzRnBiJTNEJTIxMW0xOCUyMTFtMTIlMjExbTMlMjExZDI3MDguNTU4NjUxMjY0NTg1JTIxMmQ4LjUyOTAwMjYxNTMyNzE4NyUyMTNkNDcuMjQ0Nzc4Mjc5MTYyMzI1JTIxMm0zJTIxMWYwJTIxMmYwJTIxM2YwJTIxM20yJTIxMWkxMDI0JTIxMmk3NjglMjE0ZjEzLjElMjEzbTMlMjExbTIlMjExczB4NDc5YWE5YjQyY2ZmZmNhZiUyNTNBMHg4YjYwM2Y5ODY3YjUxODE3JTIxMnNSaWZmZXJzd2lsZXJzdHJhc3NlJTI1MjAxMCUyNTJDJTI1MjA4OTE1JTI1MjBIYXVzZW4lMjUyMGFtJTI1MjBBbGJpcyUyMTVlMCUyMTNtMiUyMTFzZGUlMjEyc2NoJTIxNHYxNTc5NDM5MDg4ODQ1JTIxNW0yJTIxMXNkZSUyMTJzY2glMjIlMjB3aWR0aCUzRCUyMjYwMCUyMiUyMGhlaWdodCUzRCUyMjQ1MCUyMiUyMGZyYW1lYm9yZGVyJTNEJTIyMCUyMiUyMHN0eWxlJTNEJTIyYm9yZGVyJTNBMCUzQiUyMiUyMGFsbG93ZnVsbHNjcmVlbiUzRCUyMiUyMiUzRSUzQyUyRmlmcmFtZSUzRQ==&#187;][/vc_column][/vc_row]</p>

<p>[vc_row full_width=&#187;stretch_row_content_no_spaces&#187; css=&#187;.vc_custom_1685267513670{background-color: #ffffff !important;}&#187;][vc_column][vc_separator][vc_single_image image=&#187;1979&#8243; img_size=&#187;full&#187; alignment=&#187;center&#187;][vc_column_text] Klangbegleitung für Familien &nbsp; Als Familienfrau und Mutter, dreier inzwischen erwachsener Kinder, habe ich mein ganz persönliches Erfahrungsfeld von unserem Familienraum. Dank meiner Erfahrung als ehemalige Tagesmutter, Spielgruppenleiterin, Katechetin und Hortassistentin, habe ich auch meinen Erfahrungsschatz im Umgang mit anderen Familiensystemen. Dass ein Familiensystem mal in Harmonie [&hellip;]</p>
