{"id":1843,"date":"2022-07-26T09:46:08","date_gmt":"2022-07-26T09:46:08","guid":{"rendered":"https:\/\/harmonische-mitte.com\/?page_id=1843"},"modified":"2025-11-02T19:40:12","modified_gmt":"2025-11-02T19:40:12","slug":"klang-intensivurlaub","status":"publish","type":"page","link":"https:\/\/harmonische-mitte.com\/?page_id=1843","title":{"rendered":"Klang-Intensiv-Mitwohn-Woche"},"content":{"rendered":"<p>[vc_row full_width=&#187;stretch_row_content_no_spaces&#187; css=&#187;.vc_custom_1685267863274{background-color: #ffffff !important;}&#187;][vc_column][vc_separator][vc_single_image image=&#187;2093&#8243; img_size=&#187;full&#187; alignment=&#187;center&#187;][vc_column_text]<\/p>\n<p style=\"text-align: center;\"><span style=\"color: #56641e;\"><strong>Finde zur\u00fcck zu Deiner harmonischen Mitte\u00a0<\/strong><\/span><\/p>\n<h2 style=\"text-align: center;\"><span style=\"color: #56641e;\"><strong>Klang-Intensiv-Mitwohn-Woche<\/strong><\/span><\/h2>\n<hr \/>\n<p style=\"text-align: center;\"><span style=\"color: #56641e;\">Gef\u00fchlszust\u00e4nde wie, <em>\u00abich f\u00fchle mich wie in einem Loch\u00bb &#8211; \u00abich mag nicht aufstehen, bin antriebslos\u00bb &#8211; \u00abich sehe keine Perspektive mehr\u00bb &#8211; \u00abIch f\u00fchle mich einsam, unverstanden, wertlos\u00bb &#8211; \u00abich habe Angst vor der Zukunft\u00bb &#8211; \u00abich f\u00fchle mich als Versager*in\u00bb <\/em>etc., kennen wir alle. Wenn solche Gef\u00fchlszust\u00e4nde l\u00e4nger anhalten und man sich selber nichts mehr Gutes tun kann, dann ist es sinnvoll, Hilfe in Anspruch zu nehmen.<\/span><\/p>\n<p style=\"text-align: center;\"><span style=\"color: #56641e;\">Die Klangtherapie KLA\u00ae kann mit der ordnenden Kraft der Naturtonreihe wieder stabilisieren und die lebensbejahenden Kr\u00e4fte werden angeregt. Man sp\u00fcrt sich selbst wieder und kann sich gegen\u00fcber negativen Ausseneinfl\u00fcssen besser abgrenzen. Die Klangtherapie KLA\u00ae setzt klar auf Pr\u00e4vention. Bildlich gesprochen: \u00abDas Feuer l\u00f6schen, bevor es die Feuerwehr braucht.\u00bb<\/span><\/p>\n<p style=\"text-align: center;\"><span style=\"color: #56641e;\">Bei einer Lebens \u2013 Beziehungs \u2013 Krise oder bei Reiz\u00fcberempfindlichkeiten kann es sinnvoll kann, sich f\u00fcr einige Tage aus dem Alltag, aus dem System heraus zu nehmen um Distanz zu gewinnen und innerlich zur Ruhe zu kommen. Ich selbst habe Eigenerfahrungen durch Exerzitien und intensiv Klangbehandlungen und Erfahrungen im Begleiten von Hilfesuchenden und Klienten.<\/span><\/p>\n<h3 style=\"text-align: center;\"><span style=\"color: #506400;\">Feedback einer Klientin die zwei Wochen bei uns wohnte<\/span><\/h3>\n<p style=\"text-align: center;\"><em><span style=\"color: #506400;\">&#171;Da ich auf der Warteliste f\u00fcr eine Burnout Klinik war, war der Aufenthalt bei Heidi genau das richtige. Dort bekam ich diese Ruhe die ich brauchte. Ich f\u00fchlte mich in diesem kleinen, feinen Zimmer, im Haus und im Garten besch\u00fctzt. Heidi behandelte mich jeden Abend bevor ich ins Bett ging mit der Monochord Klangliege. Das war besser als jede Schlaftablette, denn ich kam zur inneren Ruhe und konnte endlich wieder einmal 5 &#8211; 6 Stunden aneinander schlafen. Diese Zeit bei Euch hat mir wieder ein wenig Boden unter den F\u00fcssen gegeben. Danke daf\u00fcr!&#187;<\/span><\/em><\/p>\n<h3 style=\"text-align: center;\"><span style=\"color: #566400;\">Feedback eines Klienten der von Montag bis Samstag Vormittag bei uns wohnte<\/span><\/h3>\n<p><span style=\"color: #566400;\"><em>&#171;Mit einem herzlichen L\u00e4cheln wurde ich empfangen und konnte ein mit Liebe gepflegtes Zimmer \u00fcber die Tage geniessen. Aus ihrem &#171;Garten-Eden&#187; genoss ich ein reichhaltiges Fr\u00fchst\u00fcck. Auch das Zmittag und Znacht war mit frischen Zutaten selbst zubereitet. Grillieren im Garten und sch\u00f6ne, harmonische und tiefgr\u00fcndige Gespr\u00e4che, je nach Bedarf, geh\u00f6rten auch zum Wohnen. Ich genoss den kleinen Balkon mit lesen. Die Wanderung der Albiskette und dem Wald entlang war f\u00fcr mich der Naturausgleich. Jeden Vormittag und am Abend vor der Bettruhe gab es eine Klangbehandlung. Die ruhige Klangmonotonie schaltete meine Gedanke aus. Das Nervensystem konnte sich den Kl\u00e4ngen der Klangschalen, dem Klangbett und dem Gong in Sicherheit hingeben. DANKE! Ich kann es nur weiterempfehlen &#171;100% Top&#187;.<\/em><\/span><\/p>\n<h3 style=\"text-align: center;\"><span style=\"color: #566400;\">Feedback einer Klientin die 9 Tage bei uns wohnte<\/span><\/h3>\n<p style=\"text-align: center;\"><span style=\"color: #566400;\"><em>\u00ab9 Tage durfte ich bei Heidi und Bruno mitwohnen. 9 Tage in denen ich Geborgenheit, Kraft und Vertrauen zur\u00fcckgewinnen, tanken durfte. Geborgen im heilenden Klang, in meinem einfachen, kleinen liebevoll bereit gemachten Zimmer, geborgen vom Blick in den Himmel der durch das Fenster auf mein Bett schaute, von den W\u00e4ldern rund um Hausen am Albis und gen\u00e4hrt von frischem, selbstgemachtem, leckerem Essen, von Stille, Ruhe und guten, fr\u00f6hlichen und tiefen Gespr\u00e4chen, kann ich nun gest\u00e4rkt weiter ziehen. <\/em><\/span><\/p>\n<p style=\"text-align: center;\"><span style=\"color: #566400;\"><em>Ich dachte, mit einer wiederholten Ersch\u00f6pfungsdepression, einer Angstst\u00f6rung, Traumatast\u00f6rung und Tinnitus muss ich in eine Klinik.<\/em><\/span><\/p>\n<p style=\"text-align: center;\"><span style=\"color: #566400;\"><em>Mit der Klang-Intensiv-Mitwohn-Woche und einer parallel psychotherapeutischen Begleitung habe ich f\u00fcr mich einen alternativen Weg gefunden. F\u00fcr mich ist es magisch und logisch zugleich, welch zarte und effektive Heilwirkung der Klang von Klangschalen, Monochord und Gong auf unseren K\u00f6rper, unsere Seele und unseren Geist hat. Ich werde mich weiter klangbehandeln lassen. Ich bin mir das mehr als wert.\u00bb<\/em><\/span><\/p>\n<hr \/>\n<h3 style=\"text-align: center;\"><span style=\"color: #56641e;\">Mein Angebot: Klang-Intensiv-Mitwohn-Woche<\/span><\/h3>\n<hr \/>\n<p style=\"text-align: center;\"><span style=\"color: #56641e;\">Mitwohnen in unserem Zuhause in Hausen am Albis und t\u00e4glich eine Klangbehandlung KLA geniessen. Hausen am Albis ist umgeben von einer wundersch\u00f6nen Natur, vielen Spazierwegen, Vitaparcours, nahe am T\u00fcrlersee und Albishorn, das eine Traumaussicht bietet.<\/span><\/p>\n<p style=\"text-align: center;\"><span style=\"color: #56641e;\"> Eine Klang-Intensiv-Mitwohn-Woche bei der harmonischen mitte bietet folgendes: <\/span><span style=\"color: #56641e;\">Eigenes m\u00f6bliertes Zimmer, Mitben\u00fctzung Badezimmer, Wohnraum und Garten. Mo. \u2013 Fr. t\u00e4glich eine Klangbehandlung KLA mit Gespr\u00e4chen je nach Bedarf und am Abend eine 20 Min. Monochord Behandlung<em>.<\/em><\/span><\/p>\n<hr \/>\n<h3 style=\"text-align: center;\"><span style=\"color: #56641e;\"><strong>Voraussetzungen Klang-Intensiv-Mitwohn-Woche:<\/strong><\/span><\/h3>\n<hr \/>\n<p style=\"text-align: center;\"><span style=\"color: #56641e;\"><strong>&#8211;<\/strong> Vorg\u00e4ngig eine Klangtherapie KLA\u00ae Behandlung bei mir in der Klangpraxis &#171;harmonische mitte&#187;, um sicher zu gehen, dass das Vertrauen in mich und den Klang da ist.<\/span><\/p>\n<p style=\"text-align: center;\"><span style=\"color: #56641e;\"><strong>&#8211;<\/strong> Kennenlern- und Vereinbarungsgespr\u00e4ch mit mir und meinen Mann<\/span><\/p>\n<p style=\"text-align: center;\"><span style=\"color: #56641e;\"><strong>&#8211;<\/strong> Schriftliche Vertragsvereinbarung f\u00fcr die Klang \u2013 Intensiv \u2013 Mitwohn \u2013 Woche<\/span><\/p>\n<p style=\"text-align: center;\"><span style=\"color: #56641e;\"><strong>&#8211;<\/strong> Vorauszahlung, 5 Tage vor Beginn (Bar oder via Bank\u00fcberweisung)<\/span><\/p>\n<hr \/>\n<h3 style=\"text-align: center;\"><span style=\"color: #56641e;\"><strong>Termine &amp; Preis Klang-Intensiv-Mitwohn-Woche:<\/strong><\/span><\/h3>\n<hr \/>\n<p style=\"text-align: center;\"><span style=\"color: #56641e;\">Um Termine f\u00fcr eine Klang-Intensiv-Mitwohn-Woche auszumachen, steht folgend ein PDF zur Verf\u00fcgung. Bei Fragen gerne direkt via Mail, Telefon oder Kontakformular auf mich zukommen. <\/span><\/p>\n<p style=\"text-align: center;\"><a href=\"https:\/\/harmonische-mitte.com\/wordpress_9\/wp-content\/uploads\/2025\/09\/Vertragsver.-Klang-Intensiv-Mitwohn-Woche.pdf\" target=\"_blank\" rel=\"noopener\"><span style=\"color: #56641e;\"><strong>PDF Klang-Intensiv-Mitwohn-Woche hier klicken<\/strong><\/span><\/a><\/p>\n<p style=\"text-align: center;\"><span style=\"color: #56641e;\">Eine Klang-Intensiv-Mitwohn-Woche mit t\u00e4glichen Klangbehandlungen KLA, \u00dcbernachtung mit Vollpension kostet 900.- Franken (inkl.Parkplatz).<\/span><\/p>\n<hr \/>\n<p style=\"text-align: center;\"><a href=\"https:\/\/harmonische-mitte.com\/wordpress_9\/wp-content\/uploads\/2025\/09\/WB-Flyer-Intensiv-Mitwohn-Woche.pdf\" target=\"_blank\" rel=\"noopener\"><span style=\"color: #56641e;\"><strong>PDF Flyer zur Klang-Intensiv-Mitwohn-Woche zum ausdrucken und teilen? Hier klicken<\/strong><\/span><\/a><\/p>\n<hr \/>\n<hr \/>\n<p>[\/vc_column_text][\/vc_column][\/vc_row][vc_row full_width=&#187;stretch_row_content&#187; css=&#187;.vc_custom_1685267883545{background-color: #ffffff !important;}&#187;][vc_column width=&#187;1\/2&#8243; css=&#187;.vc_custom_1579439414445{background-color: #ffffff !important;}&#187;]<div class=\"heading black text-center \"><div class=\"heading-title\">Fragen oder Anregungen?<\/div><h2>Nutzen Sie gerne das Kontaktformular<\/h2><\/div>\n<div class=\"wpcf7 no-js\" id=\"wpcf7-f11-o1\" lang=\"en\" dir=\"ltr\" data-wpcf7-id=\"11\">\n<div class=\"screen-reader-response\"><p role=\"status\" aria-live=\"polite\" aria-atomic=\"true\"><\/p> <ul><\/ul><\/div>\n<form action=\"\/index.php?rest_route=%2Fwp%2Fv2%2Fpages%2F1843#wpcf7-f11-o1\" method=\"post\" class=\"wpcf7-form init\" aria-label=\"Contact form\" novalidate=\"novalidate\" data-status=\"init\">\n<fieldset class=\"hidden-fields-container\"><input type=\"hidden\" name=\"_wpcf7\" value=\"11\" \/><input type=\"hidden\" name=\"_wpcf7_version\" value=\"6.1.5\" \/><input type=\"hidden\" name=\"_wpcf7_locale\" value=\"en\" \/><input type=\"hidden\" name=\"_wpcf7_unit_tag\" value=\"wpcf7-f11-o1\" \/><input type=\"hidden\" name=\"_wpcf7_container_post\" value=\"0\" \/><input type=\"hidden\" name=\"_wpcf7_posted_data_hash\" value=\"\" \/>\n<\/fieldset>\n<p><label> Ihr Name (erforderlich)<br \/>\n<span class=\"wpcf7-form-control-wrap\" data-name=\"your-name\"><input size=\"40\" maxlength=\"400\" class=\"wpcf7-form-control wpcf7-text wpcf7-validates-as-required\" aria-required=\"true\" aria-invalid=\"false\" value=\"\" type=\"text\" name=\"your-name\" \/><\/span> <\/label>\n<\/p>\n<p><label> Ihre E-Mail (erforderlich)<br \/>\n<span class=\"wpcf7-form-control-wrap\" data-name=\"your-email\"><input size=\"40\" maxlength=\"400\" class=\"wpcf7-form-control wpcf7-email wpcf7-validates-as-required wpcf7-text wpcf7-validates-as-email\" aria-required=\"true\" aria-invalid=\"false\" value=\"\" type=\"email\" name=\"your-email\" \/><\/span> <\/label>\n<\/p>\n<p><label> Betreff (erforderlich)<br \/>\n<span class=\"wpcf7-form-control-wrap\" data-name=\"your-subject\"><input size=\"40\" maxlength=\"400\" class=\"wpcf7-form-control wpcf7-text\" aria-invalid=\"false\" value=\"\" type=\"text\" name=\"your-subject\" \/><\/span> <\/label>\n<\/p>\n<p><label> Ihre Nachricht<br \/>\n<span class=\"wpcf7-form-control-wrap\" data-name=\"your-message\"><textarea cols=\"40\" rows=\"10\" maxlength=\"2000\" class=\"wpcf7-form-control wpcf7-textarea\" aria-invalid=\"false\" name=\"your-message\"><\/textarea><\/span> <\/label>\n<\/p>\n<p><input class=\"wpcf7-form-control wpcf7-submit has-spinner\" type=\"submit\" value=\"Senden\" \/>\n<\/p><input type='hidden' class='wpcf7-pum' value='{\"closepopup\":false,\"closedelay\":0,\"openpopup\":false,\"openpopup_id\":0}' \/><div class=\"wpcf7-response-output\" aria-hidden=\"true\"><\/div>\n<\/form>\n<\/div>\n[\/vc_column][vc_column width=&#187;1\/2&#8243; css=&#187;.vc_custom_1579439402433{background-color: #ffffff !important;}&#187;]<div class=\"heading black text-center \"><div class=\"heading-title\">zwischen Z\u00fcrich und Zug<\/div><h2>Hier finden Sie zur harmonischen Mitte<\/h2><\/div>[vc_gmaps link=&#187;#E-8_JTNDaWZyYW1lJTIwc3JjJTNEJTIyaHR0cHMlM0ElMkYlMkZ3d3cuZ29vZ2xlLmNvbSUyRm1hcHMlMkZlbWJlZCUzRnBiJTNEJTIxMW0xOCUyMTFtMTIlMjExbTMlMjExZDI3MDguNTU4NjUxMjY0NTg1JTIxMmQ4LjUyOTAwMjYxNTMyNzE4NyUyMTNkNDcuMjQ0Nzc4Mjc5MTYyMzI1JTIxMm0zJTIxMWYwJTIxMmYwJTIxM2YwJTIxM20yJTIxMWkxMDI0JTIxMmk3NjglMjE0ZjEzLjElMjEzbTMlMjExbTIlMjExczB4NDc5YWE5YjQyY2ZmZmNhZiUyNTNBMHg4YjYwM2Y5ODY3YjUxODE3JTIxMnNSaWZmZXJzd2lsZXJzdHJhc3NlJTI1MjAxMCUyNTJDJTI1MjA4OTE1JTI1MjBIYXVzZW4lMjUyMGFtJTI1MjBBbGJpcyUyMTVlMCUyMTNtMiUyMTFzZGUlMjEyc2NoJTIxNHYxNTc5NDM5MDg4ODQ1JTIxNW0yJTIxMXNkZSUyMTJzY2glMjIlMjB3aWR0aCUzRCUyMjYwMCUyMiUyMGhlaWdodCUzRCUyMjQ1MCUyMiUyMGZyYW1lYm9yZGVyJTNEJTIyMCUyMiUyMHN0eWxlJTNEJTIyYm9yZGVyJTNBMCUzQiUyMiUyMGFsbG93ZnVsbHNjcmVlbiUzRCUyMiUyMiUzRSUzQyUyRmlmcmFtZSUzRQ==&#187;][\/vc_column][\/vc_row]<\/p>\n","protected":false},"excerpt":{"rendered":"<p>[vc_row full_width=&#187;stretch_row_content_no_spaces&#187; css=&#187;.vc_custom_1685267863274{background-color: #ffffff !important;}&#187;][vc_column][vc_separator][vc_single_image image=&#187;2093&#8243; img_size=&#187;full&#187; alignment=&#187;center&#187;][vc_column_text] Finde zur\u00fcck zu Deiner harmonischen Mitte\u00a0 Klang-Intensiv-Mitwohn-Woche Gef\u00fchlszust\u00e4nde wie, \u00abich f\u00fchle mich wie in einem Loch\u00bb &#8211; \u00abich mag nicht aufstehen, bin antriebslos\u00bb &#8211; \u00abich sehe keine Perspektive mehr\u00bb &#8211; \u00abIch f\u00fchle mich einsam, unverstanden, wertlos\u00bb &#8211; \u00abich habe Angst vor der Zukunft\u00bb &#8211; \u00abich f\u00fchle mich [&hellip;]<\/p>\n","protected":false},"author":1,"featured_media":0,"parent":0,"menu_order":0,"comment_status":"closed","ping_status":"closed","template":"custom-page.php","meta":{"footnotes":""},"class_list":["post-1843","page","type-page","status-publish","hentry"],"_links":{"self":[{"href":"https:\/\/harmonische-mitte.com\/index.php?rest_route=\/wp\/v2\/pages\/1843","targetHints":{"allow":["GET"]}}],"collection":[{"href":"https:\/\/harmonische-mitte.com\/index.php?rest_route=\/wp\/v2\/pages"}],"about":[{"href":"https:\/\/harmonische-mitte.com\/index.php?rest_route=\/wp\/v2\/types\/page"}],"author":[{"embeddable":true,"href":"https:\/\/harmonische-mitte.com\/index.php?rest_route=\/wp\/v2\/users\/1"}],"replies":[{"embeddable":true,"href":"https:\/\/harmonische-mitte.com\/index.php?rest_route=%2Fwp%2Fv2%2Fcomments&post=1843"}],"version-history":[{"count":31,"href":"https:\/\/harmonische-mitte.com\/index.php?rest_route=\/wp\/v2\/pages\/1843\/revisions"}],"predecessor-version":[{"id":2393,"href":"https:\/\/harmonische-mitte.com\/index.php?rest_route=\/wp\/v2\/pages\/1843\/revisions\/2393"}],"wp:attachment":[{"href":"https:\/\/harmonische-mitte.com\/index.php?rest_route=%2Fwp%2Fv2%2Fmedia&parent=1843"}],"curies":[{"name":"wp","href":"https:\/\/api.w.org\/{rel}","templated":true}]}}