{"id":1553,"date":"2020-08-22T09:09:21","date_gmt":"2020-08-22T09:09:21","guid":{"rendered":"https:\/\/harmonische-mitte.com\/wordpress_9\/?page_id=1553"},"modified":"2026-04-01T06:36:08","modified_gmt":"2026-04-01T06:36:08","slug":"preise","status":"publish","type":"page","link":"https:\/\/harmonische-mitte.com\/?page_id=1553","title":{"rendered":"preise"},"content":{"rendered":"<p>[vc_row full_width=&#187;stretch_row_content_no_spaces&#187; css=&#187;.vc_custom_1685268221902{background-color: #ffffff !important;}&#187;][vc_column][vc_separator][vc_single_image image=&#187;1495&#8243; img_size=&#187;full&#187; alignment=&#187;center&#187;][\/vc_column][\/vc_row][vc_row][vc_column][vc_column_text]<\/p>\n<h2 style=\"text-align: center;\"><span style=\"color: #56641e;\">Preise<\/span><\/h2>\n<hr \/>\n<p style=\"text-align: center;\"><span style=\"color: #56641e;\">1 Klangbehandlung KLA<strong>\u00ae,<\/strong> ca. 45 Min. Klang, mit Vor-und Nachgespr\u00e4ch ca. 90 Min., 90.- Franken<br \/>\n<\/span><\/p>\n<p style=\"text-align: center;\"><span style=\"color: #56641e;\">Kinder bis 12 Jahren, ca. 30 Min. Klang, 50.- Franken<\/span><\/p>\n<p style=\"text-align: center;\"><span style=\"color: #56641e;\">Jugendliche ab 12 &#8211; 18 Jahre, ca. 40 Min. Klang, 60.- Franken<\/span><\/p>\n<hr \/>\n<h3 style=\"text-align: center;\"><span style=\"color: #56641e;\"><strong>Klanggutscheine<\/strong><\/span><\/h3>\n<p style=\"text-align: center;\"><span style=\"color: #56641e;\">Klanggutscheine eignen sich hervorragend als Geschenk. Gerne d\u00fcrfen Sie mich via Kontakt-Formular kontaktieren, um Klanggutscheine f\u00fcr Ihre Liebsten zu erwerben.<\/span><\/p>\n<hr \/>\n<h3 style=\"text-align: center;\"><span style=\"color: #56641e;\">Preisverg\u00fcnstigung<\/span><\/h3>\n<p style=\"text-align: center;\"><span style=\"color: #56641e;\">3 Termine innerhalb von 4 Wochen = 260.- Franken (3 x 87.-)<\/span><\/p>\n<p style=\"text-align: left;\">\u00a0 \u00a0 \u00a0 \u00a0 \u00a0 \u00a0 \u00a0 \u00a0 \u00a0 \u00a0 \u00a0 \u00a0 \u00a0 \u00a0 \u00a0 \u00a0 \u00a0 \u00a0 \u00a0 \u00a0 \u00a0 \u00a0 \u00a0 \u00a0 \u00a0 \u00a0 \u00a0 \u00a0 \u00a0 \u00a0 <span style=\"color: #566400;\">\u00a0 \u00a0 5 Termine innerhalb von einer Woche = 400.- (5 x 80.-)<\/span><\/p>\n<p style=\"text-align: center;\"><span style=\"color: #566400;\">5 Termine innerhalb von 8 Wochen = 425.- Franken (5 x 85.-)<\/span><\/p>\n<p style=\"text-align: center;\"><span style=\"color: #566400;\">\u00a0 10 Termine innerhalb von 12 Wochen = 800.- Franken (10 x 80.-)<\/span><\/p>\n<p style=\"text-align: center;\"><strong><span style=\"color: #56641e;\">Kinder (0-12 Jahre)<\/span><\/strong><\/p>\n<p style=\"text-align: center;\"><span style=\"color: #56641e;\">3 Termine innerhalb von 4 Wochen = 140.- Franken (3 x 47.-)<\/span><\/p>\n<p style=\"text-align: center;\"><span style=\"color: #56641e;\">5 Termine innerhalb von 8 Wochen = 225.- Franken (5 x 45.-)<\/span><\/p>\n<p style=\"text-align: center;\"><strong><span style=\"color: #56641e;\">Jugendliche (12-18 Jahre)<\/span><\/strong><\/p>\n<p style=\"text-align: center;\"><span style=\"color: #56641e;\">3 Termine innerhalb von 4 Wochen = 170.- Franken (3 x 57.-)<\/span><\/p>\n<p style=\"text-align: center;\"><span style=\"color: #56641e;\">5 Termine innerhalb von 8 Wochen = 275.- Franken (5 x 55.-)<\/span><\/p>\n<hr \/>\n<h3 style=\"text-align: center;\"><span style=\"color: #56641e;\">Sozial ausgleichender Preis<\/span><\/h3>\n<p style=\"text-align: center;\"><span style=\"color: #56641e;\">Die Therapieform Klangtherapie KLA\u00ae ist nicht Krankenkassenanerkannt. Mir ist es ein Anliegen, dass sich alle, unabh\u00e4ngig von einer finanziellen Situation, Klangtherapien leisten k\u00f6nnen. Deshalb habe ich ein sozial ausgleichendes Preismodell. <\/span><\/p>\n<p style=\"text-align: center;\"><span style=\"color: #56641e;\">Der Grundpreis ist 90.- Franken, kann jedoch in Eigenverantwortung bis 100.- \/ 110.- oder 120.- Franken erh\u00f6ht werden. Die Differenz von 90.- bis zum bezahlten Preis zahle ich in eine Unterst\u00fctzungskasse ein. Wenn ich Anfragen von Personen habe, die sich den Preis von 90.- Franken nicht leisten k\u00f6nnen, erg\u00e4nze ich den von ihnen m\u00f6glichen Betrag mit Geld aus der Unterst\u00fctzungskasse.<\/span><\/p>\n<hr \/>\n<p style=\"text-align: center;\"><span style=\"color: #56641e;\"><strong>Herzlichen Dank f\u00fcr den <span style=\"color: #56641e;\">sozialen<\/span> Ausgleich<\/strong><\/span><\/p>\n<hr \/>\n<p style=\"text-align: center;\"><span style=\"color: #56641e;\">Bei nicht Einhalten eines Termins ohne Entschuldigung verrechne ich 60.- Franken als Unkostenbeitrag.<\/span><\/p>\n<hr \/>\n<p>[\/vc_column_text][\/vc_column][\/vc_row][vc_row full_width=&#187;stretch_row_content&#187; css=&#187;.vc_custom_1685268236952{background-color: #ffffff !important;}&#187;][vc_column width=&#187;1\/2&#8243; css=&#187;.vc_custom_1579439414445{background-color: #ffffff !important;}&#187;]<div class=\"heading black text-center \"><h2>Terminanfragen gerne via Kontaktformular<\/h2><\/div>\n<div class=\"wpcf7 no-js\" id=\"wpcf7-f11-o1\" lang=\"en\" dir=\"ltr\" data-wpcf7-id=\"11\">\n<div class=\"screen-reader-response\"><p role=\"status\" aria-live=\"polite\" aria-atomic=\"true\"><\/p> <ul><\/ul><\/div>\n<form action=\"\/index.php?rest_route=%2Fwp%2Fv2%2Fpages%2F1553#wpcf7-f11-o1\" method=\"post\" class=\"wpcf7-form init\" aria-label=\"Contact form\" novalidate=\"novalidate\" data-status=\"init\">\n<fieldset class=\"hidden-fields-container\"><input type=\"hidden\" name=\"_wpcf7\" value=\"11\" \/><input type=\"hidden\" name=\"_wpcf7_version\" value=\"6.1.5\" \/><input type=\"hidden\" name=\"_wpcf7_locale\" value=\"en\" \/><input type=\"hidden\" name=\"_wpcf7_unit_tag\" value=\"wpcf7-f11-o1\" \/><input type=\"hidden\" name=\"_wpcf7_container_post\" value=\"0\" \/><input type=\"hidden\" name=\"_wpcf7_posted_data_hash\" value=\"\" \/>\n<\/fieldset>\n<p><label> Ihr Name (erforderlich)<br \/>\n<span class=\"wpcf7-form-control-wrap\" data-name=\"your-name\"><input size=\"40\" maxlength=\"400\" class=\"wpcf7-form-control wpcf7-text wpcf7-validates-as-required\" aria-required=\"true\" aria-invalid=\"false\" value=\"\" type=\"text\" name=\"your-name\" \/><\/span> <\/label>\n<\/p>\n<p><label> Ihre E-Mail (erforderlich)<br \/>\n<span class=\"wpcf7-form-control-wrap\" data-name=\"your-email\"><input size=\"40\" maxlength=\"400\" class=\"wpcf7-form-control wpcf7-email wpcf7-validates-as-required wpcf7-text wpcf7-validates-as-email\" aria-required=\"true\" aria-invalid=\"false\" value=\"\" type=\"email\" name=\"your-email\" \/><\/span> <\/label>\n<\/p>\n<p><label> Betreff (erforderlich)<br \/>\n<span class=\"wpcf7-form-control-wrap\" data-name=\"your-subject\"><input size=\"40\" maxlength=\"400\" class=\"wpcf7-form-control wpcf7-text\" aria-invalid=\"false\" value=\"\" type=\"text\" name=\"your-subject\" \/><\/span> <\/label>\n<\/p>\n<p><label> Ihre Nachricht<br \/>\n<span class=\"wpcf7-form-control-wrap\" data-name=\"your-message\"><textarea cols=\"40\" rows=\"10\" maxlength=\"2000\" class=\"wpcf7-form-control wpcf7-textarea\" aria-invalid=\"false\" name=\"your-message\"><\/textarea><\/span> <\/label>\n<\/p>\n<p><input class=\"wpcf7-form-control wpcf7-submit has-spinner\" type=\"submit\" value=\"Senden\" \/>\n<\/p><input type='hidden' class='wpcf7-pum' value='{\"closepopup\":false,\"closedelay\":0,\"openpopup\":false,\"openpopup_id\":0}' \/><div class=\"wpcf7-response-output\" aria-hidden=\"true\"><\/div>\n<\/form>\n<\/div>\n[\/vc_column][vc_column width=&#187;1\/2&#8243; css=&#187;.vc_custom_1579439402433{background-color: #ffffff !important;}&#187;]<div class=\"heading black text-center \"><h2>Hier finden Sie zur harmonischen Mitte<\/h2><\/div>[vc_gmaps link=&#187;#E-8_JTNDaWZyYW1lJTIwc3JjJTNEJTIyaHR0cHMlM0ElMkYlMkZ3d3cuZ29vZ2xlLmNvbSUyRm1hcHMlMkZlbWJlZCUzRnBiJTNEJTIxMW0xOCUyMTFtMTIlMjExbTMlMjExZDI3MDguNTU4NjUxMjY0NTg1JTIxMmQ4LjUyOTAwMjYxNTMyNzE4NyUyMTNkNDcuMjQ0Nzc4Mjc5MTYyMzI1JTIxMm0zJTIxMWYwJTIxMmYwJTIxM2YwJTIxM20yJTIxMWkxMDI0JTIxMmk3NjglMjE0ZjEzLjElMjEzbTMlMjExbTIlMjExczB4NDc5YWE5YjQyY2ZmZmNhZiUyNTNBMHg4YjYwM2Y5ODY3YjUxODE3JTIxMnNSaWZmZXJzd2lsZXJzdHJhc3NlJTI1MjAxMCUyNTJDJTI1MjA4OTE1JTI1MjBIYXVzZW4lMjUyMGFtJTI1MjBBbGJpcyUyMTVlMCUyMTNtMiUyMTFzZGUlMjEyc2NoJTIxNHYxNTc5NDM5MDg4ODQ1JTIxNW0yJTIxMXNkZSUyMTJzY2glMjIlMjB3aWR0aCUzRCUyMjYwMCUyMiUyMGhlaWdodCUzRCUyMjQ1MCUyMiUyMGZyYW1lYm9yZGVyJTNEJTIyMCUyMiUyMHN0eWxlJTNEJTIyYm9yZGVyJTNBMCUzQiUyMiUyMGFsbG93ZnVsbHNjcmVlbiUzRCUyMiUyMiUzRSUzQyUyRmlmcmFtZSUzRQ==&#187;][\/vc_column][\/vc_row]<\/p>\n","protected":false},"excerpt":{"rendered":"<p>[vc_row full_width=&#187;stretch_row_content_no_spaces&#187; css=&#187;.vc_custom_1685268221902{background-color: #ffffff !important;}&#187;][vc_column][vc_separator][vc_single_image image=&#187;1495&#8243; img_size=&#187;full&#187; alignment=&#187;center&#187;][\/vc_column][\/vc_row][vc_row][vc_column][vc_column_text] Preise 1 Klangbehandlung KLA\u00ae, ca. 45 Min. Klang, mit Vor-und Nachgespr\u00e4ch ca. 90 Min., 90.- Franken Kinder bis 12 Jahren, ca. 30 Min. Klang, 50.- Franken Jugendliche ab 12 &#8211; 18 Jahre, ca. 40 Min. Klang, 60.- Franken Klanggutscheine Klanggutscheine eignen sich hervorragend als Geschenk. Gerne d\u00fcrfen [&hellip;]<\/p>\n","protected":false},"author":1,"featured_media":0,"parent":0,"menu_order":0,"comment_status":"closed","ping_status":"closed","template":"custom-page.php","meta":{"footnotes":""},"class_list":["post-1553","page","type-page","status-publish","hentry"],"_links":{"self":[{"href":"https:\/\/harmonische-mitte.com\/index.php?rest_route=\/wp\/v2\/pages\/1553","targetHints":{"allow":["GET"]}}],"collection":[{"href":"https:\/\/harmonische-mitte.com\/index.php?rest_route=\/wp\/v2\/pages"}],"about":[{"href":"https:\/\/harmonische-mitte.com\/index.php?rest_route=\/wp\/v2\/types\/page"}],"author":[{"embeddable":true,"href":"https:\/\/harmonische-mitte.com\/index.php?rest_route=\/wp\/v2\/users\/1"}],"replies":[{"embeddable":true,"href":"https:\/\/harmonische-mitte.com\/index.php?rest_route=%2Fwp%2Fv2%2Fcomments&post=1553"}],"version-history":[{"count":41,"href":"https:\/\/harmonische-mitte.com\/index.php?rest_route=\/wp\/v2\/pages\/1553\/revisions"}],"predecessor-version":[{"id":2462,"href":"https:\/\/harmonische-mitte.com\/index.php?rest_route=\/wp\/v2\/pages\/1553\/revisions\/2462"}],"wp:attachment":[{"href":"https:\/\/harmonische-mitte.com\/index.php?rest_route=%2Fwp%2Fv2%2Fmedia&parent=1553"}],"curies":[{"name":"wp","href":"https:\/\/api.w.org\/{rel}","templated":true}]}}

<p>[vc_row full_width=&#187;stretch_row_content_no_spaces&#187; css=&#187;.vc_custom_1685268221902{background-color: #ffffff !important;}&#187;][vc_column][vc_separator][vc_single_image image=&#187;1495&#8243; img_size=&#187;full&#187; alignment=&#187;center&#187;][/vc_column][/vc_row][vc_row][vc_column][vc_column_text]</p>
<h2 style="text-align: center;"><span style="color: #56641e;">Preise</span></h2>
<hr />
<p style="text-align: center;"><span style="color: #56641e;">1 Klangbehandlung KLA<strong>®,</strong> ca. 45 Min. Klang, mit Vor-und Nachgespräch ca. 90 Min., 90.- Franken<br />
</span></p>
<p style="text-align: center;"><span style="color: #56641e;">Kinder bis 12 Jahren, ca. 30 Min. Klang, 50.- Franken</span></p>
<p style="text-align: center;"><span style="color: #56641e;">Jugendliche ab 12 &#8211; 18 Jahre, ca. 40 Min. Klang, 60.- Franken</span></p>
<hr />
<h3 style="text-align: center;"><span style="color: #56641e;"><strong>Klanggutscheine</strong></span></h3>
<p style="text-align: center;"><span style="color: #56641e;">Klanggutscheine eignen sich hervorragend als Geschenk. Gerne dürfen Sie mich via Kontakt-Formular kontaktieren, um Klanggutscheine für Ihre Liebsten zu erwerben.</span></p>
<hr />
<h3 style="text-align: center;"><span style="color: #56641e;">Preisvergünstigung</span></h3>
<p style="text-align: center;"><span style="color: #56641e;">3 Termine innerhalb von 4 Wochen = 260.- Franken (3 x 87.-)</span></p>
<p style="text-align: left;">                                                            <span style="color: #566400;">    5 Termine innerhalb von einer Woche = 400.- (5 x 80.-)</span></p>
<p style="text-align: center;"><span style="color: #566400;">5 Termine innerhalb von 8 Wochen = 425.- Franken (5 x 85.-)</span></p>
<p style="text-align: center;"><span style="color: #566400;">  10 Termine innerhalb von 12 Wochen = 800.- Franken (10 x 80.-)</span></p>
<p style="text-align: center;"><strong><span style="color: #56641e;">Kinder (0-12 Jahre)</span></strong></p>
<p style="text-align: center;"><span style="color: #56641e;">3 Termine innerhalb von 4 Wochen = 140.- Franken (3 x 47.-)</span></p>
<p style="text-align: center;"><span style="color: #56641e;">5 Termine innerhalb von 8 Wochen = 225.- Franken (5 x 45.-)</span></p>
<p style="text-align: center;"><strong><span style="color: #56641e;">Jugendliche (12-18 Jahre)</span></strong></p>
<p style="text-align: center;"><span style="color: #56641e;">3 Termine innerhalb von 4 Wochen = 170.- Franken (3 x 57.-)</span></p>
<p style="text-align: center;"><span style="color: #56641e;">5 Termine innerhalb von 8 Wochen = 275.- Franken (5 x 55.-)</span></p>
<hr />
<h3 style="text-align: center;"><span style="color: #56641e;">Sozial ausgleichender Preis</span></h3>
<p style="text-align: center;"><span style="color: #56641e;">Die Therapieform Klangtherapie KLA® ist nicht Krankenkassenanerkannt. Mir ist es ein Anliegen, dass sich alle, unabhängig von einer finanziellen Situation, Klangtherapien leisten können. Deshalb habe ich ein sozial ausgleichendes Preismodell. </span></p>
<p style="text-align: center;"><span style="color: #56641e;">Der Grundpreis ist 90.- Franken, kann jedoch in Eigenverantwortung bis 100.- / 110.- oder 120.- Franken erhöht werden. Die Differenz von 90.- bis zum bezahlten Preis zahle ich in eine Unterstützungskasse ein. Wenn ich Anfragen von Personen habe, die sich den Preis von 90.- Franken nicht leisten können, ergänze ich den von ihnen möglichen Betrag mit Geld aus der Unterstützungskasse.</span></p>
<hr />
<p style="text-align: center;"><span style="color: #56641e;"><strong>Herzlichen Dank für den <span style="color: #56641e;">sozialen</span> Ausgleich</strong></span></p>
<hr />
<p style="text-align: center;"><span style="color: #56641e;">Bei nicht Einhalten eines Termins ohne Entschuldigung verrechne ich 60.- Franken als Unkostenbeitrag.</span></p>
<hr />
<p>[/vc_column_text][/vc_column][/vc_row][vc_row full_width=&#187;stretch_row_content&#187; css=&#187;.vc_custom_1685268236952{background-color: #ffffff !important;}&#187;][vc_column width=&#187;1/2&#8243; css=&#187;.vc_custom_1579439414445{background-color: #ffffff !important;}&#187;]<div class="heading black text-center "><h2>Terminanfragen gerne via Kontaktformular</h2></div>
<div class="wpcf7 no-js" id="wpcf7-f11-o1" lang="en" dir="ltr" data-wpcf7-id="11">
<div class="screen-reader-response"><p role="status" aria-live="polite" aria-atomic="true"></p> <ul></ul></div>
<form action="/index.php?rest_route=%2Fwp%2Fv2%2Fpages%2F1553#wpcf7-f11-o1" method="post" class="wpcf7-form init" aria-label="Contact form" novalidate="novalidate" data-status="init">
<fieldset class="hidden-fields-container"><input type="hidden" name="_wpcf7" value="11" /><input type="hidden" name="_wpcf7_version" value="6.1.5" /><input type="hidden" name="_wpcf7_locale" value="en" /><input type="hidden" name="_wpcf7_unit_tag" value="wpcf7-f11-o1" /><input type="hidden" name="_wpcf7_container_post" value="0" /><input type="hidden" name="_wpcf7_posted_data_hash" value="" />
</fieldset>
<p><label> Ihr Name (erforderlich)<br />
<span class="wpcf7-form-control-wrap" data-name="your-name"><input size="40" maxlength="400" class="wpcf7-form-control wpcf7-text wpcf7-validates-as-required" aria-required="true" aria-invalid="false" value="" type="text" name="your-name" /></span> </label>
</p>
<p><label> Ihre E-Mail (erforderlich)<br />
<span class="wpcf7-form-control-wrap" data-name="your-email"><input size="40" maxlength="400" class="wpcf7-form-control wpcf7-email wpcf7-validates-as-required wpcf7-text wpcf7-validates-as-email" aria-required="true" aria-invalid="false" value="" type="email" name="your-email" /></span> </label>
</p>
<p><label> Betreff (erforderlich)<br />
<span class="wpcf7-form-control-wrap" data-name="your-subject"><input size="40" maxlength="400" class="wpcf7-form-control wpcf7-text" aria-invalid="false" value="" type="text" name="your-subject" /></span> </label>
</p>
<p><label> Ihre Nachricht<br />
<span class="wpcf7-form-control-wrap" data-name="your-message"><textarea cols="40" rows="10" maxlength="2000" class="wpcf7-form-control wpcf7-textarea" aria-invalid="false" name="your-message"></textarea></span> </label>
</p>
<p><input class="wpcf7-form-control wpcf7-submit has-spinner" type="submit" value="Senden" />
</p><input type='hidden' class='wpcf7-pum' value='{"closepopup":false,"closedelay":0,"openpopup":false,"openpopup_id":0}' /><div class="wpcf7-response-output" aria-hidden="true"></div>
</form>
</div>
[/vc_column][vc_column width=&#187;1/2&#8243; css=&#187;.vc_custom_1579439402433{background-color: #ffffff !important;}&#187;]<div class="heading black text-center "><h2>Hier finden Sie zur harmonischen Mitte</h2></div>[vc_gmaps link=&#187;#E-8_JTNDaWZyYW1lJTIwc3JjJTNEJTIyaHR0cHMlM0ElMkYlMkZ3d3cuZ29vZ2xlLmNvbSUyRm1hcHMlMkZlbWJlZCUzRnBiJTNEJTIxMW0xOCUyMTFtMTIlMjExbTMlMjExZDI3MDguNTU4NjUxMjY0NTg1JTIxMmQ4LjUyOTAwMjYxNTMyNzE4NyUyMTNkNDcuMjQ0Nzc4Mjc5MTYyMzI1JTIxMm0zJTIxMWYwJTIxMmYwJTIxM2YwJTIxM20yJTIxMWkxMDI0JTIxMmk3NjglMjE0ZjEzLjElMjEzbTMlMjExbTIlMjExczB4NDc5YWE5YjQyY2ZmZmNhZiUyNTNBMHg4YjYwM2Y5ODY3YjUxODE3JTIxMnNSaWZmZXJzd2lsZXJzdHJhc3NlJTI1MjAxMCUyNTJDJTI1MjA4OTE1JTI1MjBIYXVzZW4lMjUyMGFtJTI1MjBBbGJpcyUyMTVlMCUyMTNtMiUyMTFzZGUlMjEyc2NoJTIxNHYxNTc5NDM5MDg4ODQ1JTIxNW0yJTIxMXNkZSUyMTJzY2glMjIlMjB3aWR0aCUzRCUyMjYwMCUyMiUyMGhlaWdodCUzRCUyMjQ1MCUyMiUyMGZyYW1lYm9yZGVyJTNEJTIyMCUyMiUyMHN0eWxlJTNEJTIyYm9yZGVyJTNBMCUzQiUyMiUyMGFsbG93ZnVsbHNjcmVlbiUzRCUyMiUyMiUzRSUzQyUyRmlmcmFtZSUzRQ==&#187;][/vc_column][/vc_row]</p>

<p>[vc_row full_width=&#187;stretch_row_content_no_spaces&#187; css=&#187;.vc_custom_1685268221902{background-color: #ffffff !important;}&#187;][vc_column][vc_separator][vc_single_image image=&#187;1495&#8243; img_size=&#187;full&#187; alignment=&#187;center&#187;][/vc_column][/vc_row][vc_row][vc_column][vc_column_text] Preise 1 Klangbehandlung KLA®, ca. 45 Min. Klang, mit Vor-und Nachgespräch ca. 90 Min., 90.- Franken Kinder bis 12 Jahren, ca. 30 Min. Klang, 50.- Franken Jugendliche ab 12 &#8211; 18 Jahre, ca. 40 Min. Klang, 60.- Franken Klanggutscheine Klanggutscheine eignen sich hervorragend als Geschenk. Gerne dürfen [&hellip;]</p>
