{"id":1531,"date":"2020-08-22T07:00:26","date_gmt":"2020-08-22T07:00:26","guid":{"rendered":"https:\/\/harmonische-mitte.com\/wordpress_9\/?page_id=1531"},"modified":"2025-03-24T20:22:46","modified_gmt":"2025-03-24T20:22:46","slug":"instrumente","status":"publish","type":"page","link":"https:\/\/harmonische-mitte.com\/?page_id=1531","title":{"rendered":"Instrumente"},"content":{"rendered":"<p>[vc_row full_width=&#187;stretch_row_content_no_spaces&#187; css=&#187;.vc_custom_1685266286810{background-color: #ffffff !important;}&#187;][vc_column][vc_separator][vc_separator][vc_column_text]<\/p>\n<hr \/>\n<h2 style=\"text-align: center;\"><span style=\"color: #56641e;\">Meine Instrumente<\/span><\/h2>\n<hr \/>\n<p style=\"text-align: center;\"><span style=\"color: #56641e;\"><strong>Die Instrumente der Klangtherapie KLA\u00ae sind Einton-Instrumente. Das heisst, jedes Instrument hat einen Grundton, in dem eine Vielzahl von Obert\u00f6nen mitschwingen. Obert\u00f6ne schwingen in einer nat\u00fcrlichen, unmanipulierten Ordnung, der man auch Naturtonreihe sagt.<\/strong><\/span><\/p>\n<hr \/>\n<h2 style=\"text-align: center;\"><span style=\"color: #56641e;\"><strong>Die Monochordklangliege<\/strong><\/span><\/h2>\n<p>[\/vc_column_text][vc_single_image image=&#187;1510&#8243; img_size=&#187;full&#187; alignment=&#187;center&#187;][vc_column_text]<\/p>\n<p style=\"text-align: center;\"><span style=\"color: #56641e;\">Das K\u00f6nigsinstrument, die Monochord Klangliege nach Hans H\u00e4gi-Santana, hat 55 Saiten, die alle auf 432 Hz und Ton F gestimmt sind. Der Ton F ist die Frequenz der Farbe Violett, somit der Anfang und Schluss vom Regenbogen. Durch die Saitenteilung schwingen zum Grundton verschiedenen Frequenzen in der nat\u00fcrlichen Naturtonreihe mit. Die Saiten teilen sich in 1, 2, 3, 4, 5, usw., wobei sie sich bei einer Saitenteilung verdoppeln. Die tieferen Obert\u00f6ne wirken nachweislich im k\u00f6rperlichen Bereich, w\u00e4hrend die h\u00f6heren Obert\u00f6ne mehr im feinstofflichen Bereich wirken. Das vollkommene Obertonspecktrum verbindet das irdische mit dem kosmischen. Die Kl\u00e4nge f\u00fchren in eine Tiefenstspannung, wo vieles m\u00f6glich wird.<\/span><\/p>\n<p style=\"font-weight: 400; text-align: center;\"><a href=\"https:\/\/harmonische-mitte.com\/wordpress_9\/wp-content\/uploads\/2024\/07\/bild-obertonstruktur191.pdf\"><strong><span style=\"color: #56641e;\">Link &#8211; grafische Darstellung der Obertonstruktur<\/span><\/strong><\/a><\/p>\n<hr \/>\n<h2 style=\"text-align: center;\"><span style=\"color: #56641e;\"><strong>Die Klangschalen<\/strong><\/span><\/h2>\n<p>[\/vc_column_text][vc_single_image image=&#187;1496&#8243; img_size=&#187;full&#187; alignment=&#187;center&#187;][vc_column_text]<\/p>\n<p style=\"text-align: center;\"><span style=\"color: #56641e;\">Der Ursprung der Klangschalen liegt im asiatischen Raum, Indien, Tibet, China, Thailand, Japan, Nepal.\u00a0<\/span><span style=\"color: #56641e;\">Urspr\u00fcnglich wurden sie f\u00fcr Lebensmittelbeh\u00e4lter gemacht. In der Klangtherapie KLA\u00ae arbeiten wir mit sogenannten Tibetischen Klangschalen, die mehrheitlich aus Nepal und Indien kommen.<\/span><\/p>\n<p style=\"text-align: center;\"><span style=\"color: #56641e;\">Die Klangschalen sind aus ca. 99% Bronze (Kupfer und Zinn), kleinste Anteile sind Eisen, Gold, Silber, Quecksilber und Blei. Jedes Metall ist einem Planten zugeordnet.<\/span><\/p>\n<p style=\"text-align: center;\"><span style=\"color: #56641e;\">Gold = Sonne \/ Silber = Mond \/ Eisen = Mars \/ Kupfer = Venus \/ Quecksilber = Merkur \/ Zinn = Jupiter \/ Blei = Saturn<\/span><\/p>\n<p style=\"text-align: center;\"><span style=\"color: #56641e;\">Eine in sich stimmige Klangschale hat einen reinen, langen Nachklang und schwingt in mehreren Frequenzen.<\/span><\/p>\n<hr \/>\n<h2 style=\"text-align: center;\"><span style=\"color: #56641e;\"><strong>Die XD Klangr\u00f6hren<\/strong><\/span><\/h2>\n<p>[\/vc_column_text][vc_single_image image=&#187;1575&#8243; img_size=&#187;full&#187; alignment=&#187;center&#187;][vc_column_text]<\/p>\n<p style=\"text-align: center;\"><span style=\"color: #56641e;\">Die XD Klangr\u00f6hren (X = offene Anzahl \/ D = Dimension) wie sie in der Klangtherapie KLA\u00ae zur Hirnh\u00e4lften Synchronisation eingesetzt werden, sind von Hans H\u00e4gi-Santana entwickelt worden.<\/span><\/p>\n<p style=\"text-align: center;\"><span style=\"color: #56641e;\">Als Grundlage dient u.a. die \u00fcber 20 j\u00e4hrige Forschung von Robert Allan Monroe (\u2020 1995) am Monroe Institut mit den binauralen Beats als Hemi-Sync-Methode. Alle bisherigen Forschungen zur Hirnh\u00e4lften Synchronisation, auch die von Hans Cousto mit der Mindmaschine Orpheus, benutzten elektronisch erzeugte Frequenzen oder CD-Aufnahmen.<\/span><\/p>\n<p style=\"text-align: center;\"><span style=\"color: #56641e;\">Ein Markenzeichen der Klangtherapie KLA\u00ae ist, dass dem Klienten, der Klientin ausschliesslich nat\u00fcrliche Klangqualit\u00e4t zur Verf\u00fcgung gestellt werden. So sind die Messing-Klangr\u00f6hren wie sie in der Klangtherapie KLA\u00ae eingesetzt werden, auf den kosmischen Ton Cis, 432 Hz, mit einem \u00bd Hz Unterschied, gestimmt.<\/span><\/p>\n<p style=\"text-align: center;\"><span style=\"color: #56641e;\">Das erzeugt zum einem einen wohligen Klang und dank dem \u00bd Hz Unterschied werden Schwebungen erzeugt, die das Gehirn in verschiedenen Frequenzen anregen. Man kann auch sagen, es ist eine bewusste Manipulation um das Gehirn anzuregen. Aus der Hirnforschung weiss man, dass die beiden Hirnh\u00e4lften unterschiedliche Aufgaben haben und \u00fcber Nervenfaser miteinander verbunden sind. Je besser die beiden Hemisph\u00e4ren miteinander koordinieren, desto erfolgreicher k\u00f6nnen wir unser Potential entfalten.\u00a0<\/span><\/p>\n<hr \/>\n<h2 style=\"text-align: center;\"><span style=\"color: #56641e;\"><strong>Der Gong<\/strong><\/span><\/h2>\n<p>[\/vc_column_text][vc_single_image image=&#187;1487&#8243; img_size=&#187;full&#187; alignment=&#187;center&#187;][vc_column_text]<\/p>\n<p style=\"text-align: center;\"><span style=\"color: #56641e;\">In der Klangtherapie KLA\u00ae arbeiten wir mit Flachgongs aus China, das sind Tamtams oder Windgongs.<\/span><\/p>\n<p style=\"text-align: center;\"><span style=\"color: #56641e;\">Die Gongs sind aus Bronze (Kupfer und Zinn) geschmiedet. Nach der Fertigstellung wird jeder Gong von einem Gongmeister gepr\u00fcft und wenn n\u00f6tig mit gekonnten Korrekturschl\u00e4gen nachgeschlagen. So ist gew\u00e4hrleistet, dass der Gong in sich ein stimmiges Schwingverhalten hat. Der Gong ist urspr\u00fcnglich ein Ritualinstrument. Er wird jedoch auch zur Reinigung von schlechten Energien und der angeblichen Vertreibung von \u00abb\u00f6sen Geistern\u00bb eingesetzt.\u00a0 Ein Gong hat einen Grundton in dem eine Vielzahl von Obert\u00f6nen mitschwingen.<\/span><\/p>\n<hr \/>\n<p>[\/vc_column_text][\/vc_column][\/vc_row][vc_row full_width=&#187;stretch_row_content&#187; css=&#187;.vc_custom_1685267161876{background-color: #ffffff !important;}&#187;][vc_column width=&#187;1\/2&#8243; css=&#187;.vc_custom_1579439414445{background-color: #ffffff !important;}&#187;]<div class=\"heading black text-center \"><div class=\"heading-title\">Fragen oder Anregungen?<\/div><h2>Nutzen Sie gerne das Kontaktformular<\/h2><\/div>\n<div class=\"wpcf7 no-js\" id=\"wpcf7-f11-o1\" lang=\"en\" dir=\"ltr\" data-wpcf7-id=\"11\">\n<div class=\"screen-reader-response\"><p role=\"status\" aria-live=\"polite\" aria-atomic=\"true\"><\/p> <ul><\/ul><\/div>\n<form action=\"\/index.php?rest_route=%2Fwp%2Fv2%2Fpages%2F1531#wpcf7-f11-o1\" method=\"post\" class=\"wpcf7-form init\" aria-label=\"Contact form\" novalidate=\"novalidate\" data-status=\"init\">\n<fieldset class=\"hidden-fields-container\"><input type=\"hidden\" name=\"_wpcf7\" value=\"11\" \/><input type=\"hidden\" name=\"_wpcf7_version\" value=\"6.1.5\" \/><input type=\"hidden\" name=\"_wpcf7_locale\" value=\"en\" \/><input type=\"hidden\" name=\"_wpcf7_unit_tag\" value=\"wpcf7-f11-o1\" \/><input type=\"hidden\" name=\"_wpcf7_container_post\" value=\"0\" \/><input type=\"hidden\" name=\"_wpcf7_posted_data_hash\" value=\"\" \/>\n<\/fieldset>\n<p><label> Ihr Name (erforderlich)<br \/>\n<span class=\"wpcf7-form-control-wrap\" data-name=\"your-name\"><input size=\"40\" maxlength=\"400\" class=\"wpcf7-form-control wpcf7-text wpcf7-validates-as-required\" aria-required=\"true\" aria-invalid=\"false\" value=\"\" type=\"text\" name=\"your-name\" \/><\/span> <\/label>\n<\/p>\n<p><label> Ihre E-Mail (erforderlich)<br \/>\n<span class=\"wpcf7-form-control-wrap\" data-name=\"your-email\"><input size=\"40\" maxlength=\"400\" class=\"wpcf7-form-control wpcf7-email wpcf7-validates-as-required wpcf7-text wpcf7-validates-as-email\" aria-required=\"true\" aria-invalid=\"false\" value=\"\" type=\"email\" name=\"your-email\" \/><\/span> <\/label>\n<\/p>\n<p><label> Betreff (erforderlich)<br \/>\n<span class=\"wpcf7-form-control-wrap\" data-name=\"your-subject\"><input size=\"40\" maxlength=\"400\" class=\"wpcf7-form-control wpcf7-text\" aria-invalid=\"false\" value=\"\" type=\"text\" name=\"your-subject\" \/><\/span> <\/label>\n<\/p>\n<p><label> Ihre Nachricht<br \/>\n<span class=\"wpcf7-form-control-wrap\" data-name=\"your-message\"><textarea cols=\"40\" rows=\"10\" maxlength=\"2000\" class=\"wpcf7-form-control wpcf7-textarea\" aria-invalid=\"false\" name=\"your-message\"><\/textarea><\/span> <\/label>\n<\/p>\n<p><input class=\"wpcf7-form-control wpcf7-submit has-spinner\" type=\"submit\" value=\"Senden\" \/>\n<\/p><input type='hidden' class='wpcf7-pum' value='{\"closepopup\":false,\"closedelay\":0,\"openpopup\":false,\"openpopup_id\":0}' \/><div class=\"wpcf7-response-output\" aria-hidden=\"true\"><\/div>\n<\/form>\n<\/div>\n[\/vc_column][vc_column width=&#187;1\/2&#8243; css=&#187;.vc_custom_1579439402433{background-color: #ffffff !important;}&#187;]<div class=\"heading black text-center \"><div class=\"heading-title\">zwischen Z\u00fcrich und Zug<\/div><h2>Hier finden Sie zur harmonischen Mitte<\/h2><\/div>[vc_gmaps link=&#187;#E-8_JTNDaWZyYW1lJTIwc3JjJTNEJTIyaHR0cHMlM0ElMkYlMkZ3d3cuZ29vZ2xlLmNvbSUyRm1hcHMlMkZlbWJlZCUzRnBiJTNEJTIxMW0xOCUyMTFtMTIlMjExbTMlMjExZDI3MDguNTU4NjUxMjY0NTg1JTIxMmQ4LjUyOTAwMjYxNTMyNzE4NyUyMTNkNDcuMjQ0Nzc4Mjc5MTYyMzI1JTIxMm0zJTIxMWYwJTIxMmYwJTIxM2YwJTIxM20yJTIxMWkxMDI0JTIxMmk3NjglMjE0ZjEzLjElMjEzbTMlMjExbTIlMjExczB4NDc5YWE5YjQyY2ZmZmNhZiUyNTNBMHg4YjYwM2Y5ODY3YjUxODE3JTIxMnNSaWZmZXJzd2lsZXJzdHJhc3NlJTI1MjAxMCUyNTJDJTI1MjA4OTE1JTI1MjBIYXVzZW4lMjUyMGFtJTI1MjBBbGJpcyUyMTVlMCUyMTNtMiUyMTFzZGUlMjEyc2NoJTIxNHYxNTc5NDM5MDg4ODQ1JTIxNW0yJTIxMXNkZSUyMTJzY2glMjIlMjB3aWR0aCUzRCUyMjYwMCUyMiUyMGhlaWdodCUzRCUyMjQ1MCUyMiUyMGZyYW1lYm9yZGVyJTNEJTIyMCUyMiUyMHN0eWxlJTNEJTIyYm9yZGVyJTNBMCUzQiUyMiUyMGFsbG93ZnVsbHNjcmVlbiUzRCUyMiUyMiUzRSUzQyUyRmlmcmFtZSUzRQ==&#187;][\/vc_column][\/vc_row]<\/p>\n","protected":false},"excerpt":{"rendered":"<p>[vc_row full_width=&#187;stretch_row_content_no_spaces&#187; css=&#187;.vc_custom_1685266286810{background-color: #ffffff !important;}&#187;][vc_column][vc_separator][vc_separator][vc_column_text] Meine Instrumente Die Instrumente der Klangtherapie KLA\u00ae sind Einton-Instrumente. Das heisst, jedes Instrument hat einen Grundton, in dem eine Vielzahl von Obert\u00f6nen mitschwingen. Obert\u00f6ne schwingen in einer nat\u00fcrlichen, unmanipulierten Ordnung, der man auch Naturtonreihe sagt. Die Monochordklangliege [\/vc_column_text][vc_single_image image=&#187;1510&#8243; img_size=&#187;full&#187; alignment=&#187;center&#187;][vc_column_text] Das K\u00f6nigsinstrument, die Monochord Klangliege nach Hans H\u00e4gi-Santana, hat [&hellip;]<\/p>\n","protected":false},"author":1,"featured_media":0,"parent":0,"menu_order":0,"comment_status":"closed","ping_status":"closed","template":"custom-page.php","meta":{"footnotes":""},"class_list":["post-1531","page","type-page","status-publish","hentry"],"_links":{"self":[{"href":"https:\/\/harmonische-mitte.com\/index.php?rest_route=\/wp\/v2\/pages\/1531","targetHints":{"allow":["GET"]}}],"collection":[{"href":"https:\/\/harmonische-mitte.com\/index.php?rest_route=\/wp\/v2\/pages"}],"about":[{"href":"https:\/\/harmonische-mitte.com\/index.php?rest_route=\/wp\/v2\/types\/page"}],"author":[{"embeddable":true,"href":"https:\/\/harmonische-mitte.com\/index.php?rest_route=\/wp\/v2\/users\/1"}],"replies":[{"embeddable":true,"href":"https:\/\/harmonische-mitte.com\/index.php?rest_route=%2Fwp%2Fv2%2Fcomments&post=1531"}],"version-history":[{"count":24,"href":"https:\/\/harmonische-mitte.com\/index.php?rest_route=\/wp\/v2\/pages\/1531\/revisions"}],"predecessor-version":[{"id":2306,"href":"https:\/\/harmonische-mitte.com\/index.php?rest_route=\/wp\/v2\/pages\/1531\/revisions\/2306"}],"wp:attachment":[{"href":"https:\/\/harmonische-mitte.com\/index.php?rest_route=%2Fwp%2Fv2%2Fmedia&parent=1531"}],"curies":[{"name":"wp","href":"https:\/\/api.w.org\/{rel}","templated":true}]}}