{"id":1455,"date":"2020-08-12T07:42:24","date_gmt":"2020-08-12T07:42:24","guid":{"rendered":"https:\/\/harmonische-mitte.com\/wordpress_9\/?page_id=1455"},"modified":"2026-04-01T06:32:34","modified_gmt":"2026-04-01T06:32:34","slug":"ueber-mich","status":"publish","type":"page","link":"https:\/\/harmonische-mitte.com\/?page_id=1455","title":{"rendered":"\u00fcber mich"},"content":{"rendered":"<p>[vc_row full_width=&#187;stretch_row_content_no_spaces&#187; css=&#187;.vc_custom_1685267295441{background-color: #ffffff !important;}&#187;][vc_column][vc_separator][vc_single_image image=&#187;1499&#8243; img_size=&#187;full&#187; alignment=&#187;center&#187;][vc_column_text]<\/p>\n<h3 style=\"text-align: center;\"><span style=\"color: #56641e;\">Heidi Bernet: <\/span><\/h3>\n<h3 style=\"text-align: center;\"><span style=\"color: #56641e;\">&#171;Ich lasse mich von meinem Herzen leiten&#187;<\/span><\/h3>\n<hr \/>\n<p style=\"text-align: center;\"><span style=\"color: #56641e;\">Wenn ich heute mit 57 Jahren auf mein Leben schaue, so kann ich sagen, dass ich mich mehrheitlich von meinem Herz habe leiten lassen.<\/span><\/p>\n<p style=\"text-align: center;\"><span style=\"color: #56641e;\">Mein Weg f\u00fchrte mich \u00fcber die Berufe Coiffeuse, Familienfrau, Spielgruppenleiterin und Katechetin zur Ausbildung als Klangtherapeutin KLA.<\/span><\/p>\n<hr \/>\n<h3 style=\"text-align: center;\"><span style=\"color: #56641e;\">Aus einer Sehnsucht wird Wirklichkeit <\/span><\/h3>\n<p style=\"text-align: center;\"><span style=\"color: #56641e;\">In all den Berufsjahren wuchs in Heidi Bernet das Verlangen, Menschen auf allen Ebenen (k\u00f6rperlich, geistig und seelisch) und losgel\u00f6st von Worten in ihren pers\u00f6nlichen Prozess zu unterst\u00fctzen. Mit dieser inneren Sehnsucht erfuhr Heidi Bernet im Mai 2018 eine Klangbehandlung nach Klangtherapie KLA\u00ae. Durch das eigene Erfahren, wie Kl\u00e4nge wirken, wurde ihr klar: Das ist es!<\/span><\/p>\n<hr \/>\n<h3 style=\"text-align: center;\"><span style=\"color: #56641e;\">Schritt f\u00fcr Schritt, Heidi Bernet`s\u00a0 Weg<\/span><\/h3>\n<p style=\"text-align: center;\"><span style=\"color: #56641e;\">Die 2 j\u00e4hrige Ausbildung zur Klangtherapeutin KLA hat Heidi Bernet im Februar 2019 in Hellb\u00fchl, im Klanghaus Moossch\u00fcr begonnen und im M\u00e4rz 2021 mit Diplom und Zertifikat abgeschlossen. Die Schule wurd damals von von Luzia Rosa Estermann und Hans H\u00e4gi-Santana geleitet. seit 2026 ist die Leitung bei Fabian Kind und Sandra Meier.<\/span><\/p>\n<p style=\"text-align: center;\"><span style=\"color: #56641e;\"><a style=\"color: #56641e;\" href=\"http:\/\/schule.klangtherapiekla.ch\">www.schule.klangtherapiekla.ch<\/a><br \/>\n<\/span><\/p>\n<p style=\"text-align: center;\"><span style=\"color: #56641e;\">Das K\u00f6nigsinstrument der Klangtherapie KLA\u00ae \u2013 die Monochordklangliege \u2013 hat Heidi Bernet dank der fachkundigen Anleitung von Hans H\u00e4gi-Santana, genau zu ihrem 50. Geburtstag selber gebaut.\u00a0<\/span><\/p>\n<p style=\"text-align: center;\"><span style=\"color: #56641e;\">Alle anderen Instrumente, Klangschalen, Klangr\u00f6hren und Windgong, hat Heidi Bernet durch das Klanghaus Moossch\u00fcr erworben oder pr\u00fcfen lassen. <a href=\"http:\/\/instrumente.klangtherapiekla.ch\"><span style=\"color: #56641e;\">www.instrumente.klangtherapiekla.ch<\/span><\/a><\/span><\/p>\n<p style=\"text-align: center;\"><span style=\"color: #56641e;\">Seit Januar 2020 ist Heidi Bernet Mitglied vom Berufsverband Klangtherapie KLA\u00ae. Im M\u00e4rz 2024 wurde Heidi Bernet in den Vorstand gew\u00e4hlt. Ihr Ressort ist Qualit\u00e4tssicherung und Veranstaltungen. <a style=\"color: #56641e;\" href=\"http:\/\/berufsverband.klangtherapiekla.ch\">www.berufsverband.klangtherapiekla.c<\/a>h<\/span><\/p>\n<p style=\"text-align: center;\"><span style=\"color: #56641e;\">Mit lieben Gruss <\/span><span style=\"color: #56641e;\">Heidi Bernet\u00a0<\/span><\/p>\n<hr \/>\n<h3 style=\"text-align: center;\"><span style=\"color: #56641e;\">Weiterbildungen<\/span><\/h3>\n<p style=\"text-align: center;\"><span style=\"color: #566400;\">F\u00fcr die Zertifikatserhaltung besucht Heidi Bernet Supervisionen, einen Refreshertag zur Qualit\u00e4tssicherung und Weiterbildungen im therapeutischen Bereich.<\/span><\/p>\n<p style=\"text-align: center;\"><span style=\"color: #566400;\">Im Oktober und Dezember 25 hat Heidi Bernet THEKI I und THEKI II bei Viviane K\u00f6nig besucht. Im April 26 folgte dann auch noch THEKI III. <a style=\"color: #566400;\" href=\"http:\/\/www.theki-schweiz.ch\">www.theki-schweiz.ch<\/a>\u00a0<\/span><\/p>\n<p style=\"text-align: center;\"><span style=\"color: #56641e;\"><strong><a href=\"https:\/\/harmonische-mitte.com\/?page_id=1517\"><span style=\"color: #56641e;\">Mehr zu mir und meiner Geschichte findest du<\/span><\/a> <a style=\"color: #56641e;\" href=\"https:\/\/harmonische-mitte.com\/?page_id=1517\"><span style=\"color: #56641e;\">H<\/span>IER<\/a><\/strong><\/span><\/p>\n<hr \/>\n<hr \/>\n<p>[\/vc_column_text][\/vc_column][\/vc_row][vc_row full_width=&#187;stretch_row_content&#187; css=&#187;.vc_custom_1685267311147{background-color: #ffffff !important;}&#187;][vc_column width=&#187;1\/2&#8243; css=&#187;.vc_custom_1579439414445{background-color: #ffffff !important;}&#187;]<div class=\"heading black text-center \"><div class=\"heading-title\">Fragen oder Anregungen?<\/div><h2>Nutzen Sie gerne das Kontaktformular<\/h2><\/div>\n<div class=\"wpcf7 no-js\" id=\"wpcf7-f11-o1\" lang=\"en\" dir=\"ltr\" data-wpcf7-id=\"11\">\n<div class=\"screen-reader-response\"><p role=\"status\" aria-live=\"polite\" aria-atomic=\"true\"><\/p> <ul><\/ul><\/div>\n<form action=\"\/index.php?rest_route=%2Fwp%2Fv2%2Fpages%2F1455#wpcf7-f11-o1\" method=\"post\" class=\"wpcf7-form init\" aria-label=\"Contact form\" novalidate=\"novalidate\" data-status=\"init\">\n<fieldset class=\"hidden-fields-container\"><input type=\"hidden\" name=\"_wpcf7\" value=\"11\" \/><input type=\"hidden\" name=\"_wpcf7_version\" value=\"6.1.5\" \/><input type=\"hidden\" name=\"_wpcf7_locale\" value=\"en\" \/><input type=\"hidden\" name=\"_wpcf7_unit_tag\" value=\"wpcf7-f11-o1\" \/><input type=\"hidden\" name=\"_wpcf7_container_post\" value=\"0\" \/><input type=\"hidden\" name=\"_wpcf7_posted_data_hash\" value=\"\" \/>\n<\/fieldset>\n<p><label> Ihr Name (erforderlich)<br \/>\n<span class=\"wpcf7-form-control-wrap\" data-name=\"your-name\"><input size=\"40\" maxlength=\"400\" class=\"wpcf7-form-control wpcf7-text wpcf7-validates-as-required\" aria-required=\"true\" aria-invalid=\"false\" value=\"\" type=\"text\" name=\"your-name\" \/><\/span> <\/label>\n<\/p>\n<p><label> Ihre E-Mail (erforderlich)<br \/>\n<span class=\"wpcf7-form-control-wrap\" data-name=\"your-email\"><input size=\"40\" maxlength=\"400\" class=\"wpcf7-form-control wpcf7-email wpcf7-validates-as-required wpcf7-text wpcf7-validates-as-email\" aria-required=\"true\" aria-invalid=\"false\" value=\"\" type=\"email\" name=\"your-email\" \/><\/span> <\/label>\n<\/p>\n<p><label> Betreff (erforderlich)<br \/>\n<span class=\"wpcf7-form-control-wrap\" data-name=\"your-subject\"><input size=\"40\" maxlength=\"400\" class=\"wpcf7-form-control wpcf7-text\" aria-invalid=\"false\" value=\"\" type=\"text\" name=\"your-subject\" \/><\/span> <\/label>\n<\/p>\n<p><label> Ihre Nachricht<br \/>\n<span class=\"wpcf7-form-control-wrap\" data-name=\"your-message\"><textarea cols=\"40\" rows=\"10\" maxlength=\"2000\" class=\"wpcf7-form-control wpcf7-textarea\" aria-invalid=\"false\" name=\"your-message\"><\/textarea><\/span> <\/label>\n<\/p>\n<p><input class=\"wpcf7-form-control wpcf7-submit has-spinner\" type=\"submit\" value=\"Senden\" \/>\n<\/p><input type='hidden' class='wpcf7-pum' value='{\"closepopup\":false,\"closedelay\":0,\"openpopup\":false,\"openpopup_id\":0}' \/><div class=\"wpcf7-response-output\" aria-hidden=\"true\"><\/div>\n<\/form>\n<\/div>\n[\/vc_column][vc_column width=&#187;1\/2&#8243; css=&#187;.vc_custom_1579439402433{background-color: #ffffff !important;}&#187;]<div class=\"heading black text-center \"><div class=\"heading-title\">zwischen Z\u00fcrich und Zug<\/div><h2>Hier finden Sie zur harmonischen Mitte<\/h2><\/div>[vc_gmaps link=&#187;#E-8_JTNDaWZyYW1lJTIwc3JjJTNEJTIyaHR0cHMlM0ElMkYlMkZ3d3cuZ29vZ2xlLmNvbSUyRm1hcHMlMkZlbWJlZCUzRnBiJTNEJTIxMW0xOCUyMTFtMTIlMjExbTMlMjExZDI3MDguNTU4NjUxMjY0NTg1JTIxMmQ4LjUyOTAwMjYxNTMyNzE4NyUyMTNkNDcuMjQ0Nzc4Mjc5MTYyMzI1JTIxMm0zJTIxMWYwJTIxMmYwJTIxM2YwJTIxM20yJTIxMWkxMDI0JTIxMmk3NjglMjE0ZjEzLjElMjEzbTMlMjExbTIlMjExczB4NDc5YWE5YjQyY2ZmZmNhZiUyNTNBMHg4YjYwM2Y5ODY3YjUxODE3JTIxMnNSaWZmZXJzd2lsZXJzdHJhc3NlJTI1MjAxMCUyNTJDJTI1MjA4OTE1JTI1MjBIYXVzZW4lMjUyMGFtJTI1MjBBbGJpcyUyMTVlMCUyMTNtMiUyMTFzZGUlMjEyc2NoJTIxNHYxNTc5NDM5MDg4ODQ1JTIxNW0yJTIxMXNkZSUyMTJzY2glMjIlMjB3aWR0aCUzRCUyMjYwMCUyMiUyMGhlaWdodCUzRCUyMjQ1MCUyMiUyMGZyYW1lYm9yZGVyJTNEJTIyMCUyMiUyMHN0eWxlJTNEJTIyYm9yZGVyJTNBMCUzQiUyMiUyMGFsbG93ZnVsbHNjcmVlbiUzRCUyMiUyMiUzRSUzQyUyRmlmcmFtZSUzRQ==&#187;][\/vc_column][\/vc_row]<\/p>\n","protected":false},"excerpt":{"rendered":"<p>[vc_row full_width=&#187;stretch_row_content_no_spaces&#187; css=&#187;.vc_custom_1685267295441{background-color: #ffffff !important;}&#187;][vc_column][vc_separator][vc_single_image image=&#187;1499&#8243; img_size=&#187;full&#187; alignment=&#187;center&#187;][vc_column_text] Heidi Bernet: &#171;Ich lasse mich von meinem Herzen leiten&#187; Wenn ich heute mit 57 Jahren auf mein Leben schaue, so kann ich sagen, dass ich mich mehrheitlich von meinem Herz habe leiten lassen. Mein Weg f\u00fchrte mich \u00fcber die Berufe Coiffeuse, Familienfrau, Spielgruppenleiterin und Katechetin zur Ausbildung [&hellip;]<\/p>\n","protected":false},"author":1,"featured_media":0,"parent":0,"menu_order":0,"comment_status":"closed","ping_status":"closed","template":"custom-page.php","meta":{"footnotes":""},"class_list":["post-1455","page","type-page","status-publish","hentry"],"_links":{"self":[{"href":"https:\/\/harmonische-mitte.com\/index.php?rest_route=\/wp\/v2\/pages\/1455","targetHints":{"allow":["GET"]}}],"collection":[{"href":"https:\/\/harmonische-mitte.com\/index.php?rest_route=\/wp\/v2\/pages"}],"about":[{"href":"https:\/\/harmonische-mitte.com\/index.php?rest_route=\/wp\/v2\/types\/page"}],"author":[{"embeddable":true,"href":"https:\/\/harmonische-mitte.com\/index.php?rest_route=\/wp\/v2\/users\/1"}],"replies":[{"embeddable":true,"href":"https:\/\/harmonische-mitte.com\/index.php?rest_route=%2Fwp%2Fv2%2Fcomments&post=1455"}],"version-history":[{"count":40,"href":"https:\/\/harmonische-mitte.com\/index.php?rest_route=\/wp\/v2\/pages\/1455\/revisions"}],"predecessor-version":[{"id":2461,"href":"https:\/\/harmonische-mitte.com\/index.php?rest_route=\/wp\/v2\/pages\/1455\/revisions\/2461"}],"wp:attachment":[{"href":"https:\/\/harmonische-mitte.com\/index.php?rest_route=%2Fwp%2Fv2%2Fmedia&parent=1455"}],"curies":[{"name":"wp","href":"https:\/\/api.w.org\/{rel}","templated":true}]}}

über mich

<p>[vc_row full_width=&#187;stretch_row_content_no_spaces&#187; css=&#187;.vc_custom_1685267295441{background-color: #ffffff !important;}&#187;][vc_column][vc_separator][vc_single_image image=&#187;1499&#8243; img_size=&#187;full&#187; alignment=&#187;center&#187;][vc_column_text]</p>
<h3 style="text-align: center;"><span style="color: #56641e;">Heidi Bernet: </span></h3>
<h3 style="text-align: center;"><span style="color: #56641e;">&#171;Ich lasse mich von meinem Herzen leiten&#187;</span></h3>
<hr />
<p style="text-align: center;"><span style="color: #56641e;">Wenn ich heute mit 57 Jahren auf mein Leben schaue, so kann ich sagen, dass ich mich mehrheitlich von meinem Herz habe leiten lassen.</span></p>
<p style="text-align: center;"><span style="color: #56641e;">Mein Weg führte mich über die Berufe Coiffeuse, Familienfrau, Spielgruppenleiterin und Katechetin zur Ausbildung als Klangtherapeutin KLA.</span></p>
<hr />
<h3 style="text-align: center;"><span style="color: #56641e;">Aus einer Sehnsucht wird Wirklichkeit </span></h3>
<p style="text-align: center;"><span style="color: #56641e;">In all den Berufsjahren wuchs in Heidi Bernet das Verlangen, Menschen auf allen Ebenen (körperlich, geistig und seelisch) und losgelöst von Worten in ihren persönlichen Prozess zu unterstützen. Mit dieser inneren Sehnsucht erfuhr Heidi Bernet im Mai 2018 eine Klangbehandlung nach Klangtherapie KLA®. Durch das eigene Erfahren, wie Klänge wirken, wurde ihr klar: Das ist es!</span></p>
<hr />
<h3 style="text-align: center;"><span style="color: #56641e;">Schritt für Schritt, Heidi Bernet`s  Weg</span></h3>
<p style="text-align: center;"><span style="color: #56641e;">Die 2 jährige Ausbildung zur Klangtherapeutin KLA hat Heidi Bernet im Februar 2019 in Hellbühl, im Klanghaus Moosschür begonnen und im März 2021 mit Diplom und Zertifikat abgeschlossen. Die Schule wurd damals von von Luzia Rosa Estermann und Hans Hägi-Santana geleitet. seit 2026 ist die Leitung bei Fabian Kind und Sandra Meier.</span></p>
<p style="text-align: center;"><span style="color: #56641e;"><a style="color: #56641e;" href="http://schule.klangtherapiekla.ch">www.schule.klangtherapiekla.ch</a><br />
</span></p>
<p style="text-align: center;"><span style="color: #56641e;">Das Königsinstrument der Klangtherapie KLA® – die Monochordklangliege – hat Heidi Bernet dank der fachkundigen Anleitung von Hans Hägi-Santana, genau zu ihrem 50. Geburtstag selber gebaut. </span></p>
<p style="text-align: center;"><span style="color: #56641e;">Alle anderen Instrumente, Klangschalen, Klangröhren und Windgong, hat Heidi Bernet durch das Klanghaus Moosschür erworben oder prüfen lassen. <a href="http://instrumente.klangtherapiekla.ch"><span style="color: #56641e;">www.instrumente.klangtherapiekla.ch</span></a></span></p>
<p style="text-align: center;"><span style="color: #56641e;">Seit Januar 2020 ist Heidi Bernet Mitglied vom Berufsverband Klangtherapie KLA®. Im März 2024 wurde Heidi Bernet in den Vorstand gewählt. Ihr Ressort ist Qualitätssicherung und Veranstaltungen. <a style="color: #56641e;" href="http://berufsverband.klangtherapiekla.ch">www.berufsverband.klangtherapiekla.c</a>h</span></p>
<p style="text-align: center;"><span style="color: #56641e;">Mit lieben Gruss </span><span style="color: #56641e;">Heidi Bernet </span></p>
<hr />
<h3 style="text-align: center;"><span style="color: #56641e;">Weiterbildungen</span></h3>
<p style="text-align: center;"><span style="color: #566400;">Für die Zertifikatserhaltung besucht Heidi Bernet Supervisionen, einen Refreshertag zur Qualitätssicherung und Weiterbildungen im therapeutischen Bereich.</span></p>
<p style="text-align: center;"><span style="color: #566400;">Im Oktober und Dezember 25 hat Heidi Bernet THEKI I und THEKI II bei Viviane König besucht. Im April 26 folgte dann auch noch THEKI III. <a style="color: #566400;" href="http://www.theki-schweiz.ch">www.theki-schweiz.ch</a> </span></p>
<p style="text-align: center;"><span style="color: #56641e;"><strong><a href="https://harmonische-mitte.com/?page_id=1517"><span style="color: #56641e;">Mehr zu mir und meiner Geschichte findest du</span></a> <a style="color: #56641e;" href="https://harmonische-mitte.com/?page_id=1517"><span style="color: #56641e;">H</span>IER</a></strong></span></p>
<hr />
<hr />
<p>[/vc_column_text][/vc_column][/vc_row][vc_row full_width=&#187;stretch_row_content&#187; css=&#187;.vc_custom_1685267311147{background-color: #ffffff !important;}&#187;][vc_column width=&#187;1/2&#8243; css=&#187;.vc_custom_1579439414445{background-color: #ffffff !important;}&#187;]<div class="heading black text-center "><div class="heading-title">Fragen oder Anregungen?</div><h2>Nutzen Sie gerne das Kontaktformular</h2></div>
<div class="wpcf7 no-js" id="wpcf7-f11-o1" lang="en" dir="ltr" data-wpcf7-id="11">
<div class="screen-reader-response"><p role="status" aria-live="polite" aria-atomic="true"></p> <ul></ul></div>
<form action="/index.php?rest_route=%2Fwp%2Fv2%2Fpages%2F1455#wpcf7-f11-o1" method="post" class="wpcf7-form init" aria-label="Contact form" novalidate="novalidate" data-status="init">
<fieldset class="hidden-fields-container"><input type="hidden" name="_wpcf7" value="11" /><input type="hidden" name="_wpcf7_version" value="6.1.5" /><input type="hidden" name="_wpcf7_locale" value="en" /><input type="hidden" name="_wpcf7_unit_tag" value="wpcf7-f11-o1" /><input type="hidden" name="_wpcf7_container_post" value="0" /><input type="hidden" name="_wpcf7_posted_data_hash" value="" />
</fieldset>
<p><label> Ihr Name (erforderlich)<br />
<span class="wpcf7-form-control-wrap" data-name="your-name"><input size="40" maxlength="400" class="wpcf7-form-control wpcf7-text wpcf7-validates-as-required" aria-required="true" aria-invalid="false" value="" type="text" name="your-name" /></span> </label>
</p>
<p><label> Ihre E-Mail (erforderlich)<br />
<span class="wpcf7-form-control-wrap" data-name="your-email"><input size="40" maxlength="400" class="wpcf7-form-control wpcf7-email wpcf7-validates-as-required wpcf7-text wpcf7-validates-as-email" aria-required="true" aria-invalid="false" value="" type="email" name="your-email" /></span> </label>
</p>
<p><label> Betreff (erforderlich)<br />
<span class="wpcf7-form-control-wrap" data-name="your-subject"><input size="40" maxlength="400" class="wpcf7-form-control wpcf7-text" aria-invalid="false" value="" type="text" name="your-subject" /></span> </label>
</p>
<p><label> Ihre Nachricht<br />
<span class="wpcf7-form-control-wrap" data-name="your-message"><textarea cols="40" rows="10" maxlength="2000" class="wpcf7-form-control wpcf7-textarea" aria-invalid="false" name="your-message"></textarea></span> </label>
</p>
<p><input class="wpcf7-form-control wpcf7-submit has-spinner" type="submit" value="Senden" />
</p><input type='hidden' class='wpcf7-pum' value='{"closepopup":false,"closedelay":0,"openpopup":false,"openpopup_id":0}' /><div class="wpcf7-response-output" aria-hidden="true"></div>
</form>
</div>
[/vc_column][vc_column width=&#187;1/2&#8243; css=&#187;.vc_custom_1579439402433{background-color: #ffffff !important;}&#187;]<div class="heading black text-center "><div class="heading-title">zwischen Zürich und Zug</div><h2>Hier finden Sie zur harmonischen Mitte</h2></div>[vc_gmaps link=&#187;#E-8_JTNDaWZyYW1lJTIwc3JjJTNEJTIyaHR0cHMlM0ElMkYlMkZ3d3cuZ29vZ2xlLmNvbSUyRm1hcHMlMkZlbWJlZCUzRnBiJTNEJTIxMW0xOCUyMTFtMTIlMjExbTMlMjExZDI3MDguNTU4NjUxMjY0NTg1JTIxMmQ4LjUyOTAwMjYxNTMyNzE4NyUyMTNkNDcuMjQ0Nzc4Mjc5MTYyMzI1JTIxMm0zJTIxMWYwJTIxMmYwJTIxM2YwJTIxM20yJTIxMWkxMDI0JTIxMmk3NjglMjE0ZjEzLjElMjEzbTMlMjExbTIlMjExczB4NDc5YWE5YjQyY2ZmZmNhZiUyNTNBMHg4YjYwM2Y5ODY3YjUxODE3JTIxMnNSaWZmZXJzd2lsZXJzdHJhc3NlJTI1MjAxMCUyNTJDJTI1MjA4OTE1JTI1MjBIYXVzZW4lMjUyMGFtJTI1MjBBbGJpcyUyMTVlMCUyMTNtMiUyMTFzZGUlMjEyc2NoJTIxNHYxNTc5NDM5MDg4ODQ1JTIxNW0yJTIxMXNkZSUyMTJzY2glMjIlMjB3aWR0aCUzRCUyMjYwMCUyMiUyMGhlaWdodCUzRCUyMjQ1MCUyMiUyMGZyYW1lYm9yZGVyJTNEJTIyMCUyMiUyMHN0eWxlJTNEJTIyYm9yZGVyJTNBMCUzQiUyMiUyMGFsbG93ZnVsbHNjcmVlbiUzRCUyMiUyMiUzRSUzQyUyRmlmcmFtZSUzRQ==&#187;][/vc_column][/vc_row]</p>

<p>[vc_row full_width=&#187;stretch_row_content_no_spaces&#187; css=&#187;.vc_custom_1685267295441{background-color: #ffffff !important;}&#187;][vc_column][vc_separator][vc_single_image image=&#187;1499&#8243; img_size=&#187;full&#187; alignment=&#187;center&#187;][vc_column_text] Heidi Bernet: &#171;Ich lasse mich von meinem Herzen leiten&#187; Wenn ich heute mit 57 Jahren auf mein Leben schaue, so kann ich sagen, dass ich mich mehrheitlich von meinem Herz habe leiten lassen. Mein Weg führte mich über die Berufe Coiffeuse, Familienfrau, Spielgruppenleiterin und Katechetin zur Ausbildung [&hellip;]</p>
